{"id":14926,"date":"2026-01-25T03:43:23","date_gmt":"2026-01-25T03:43:23","guid":{"rendered":"https:\/\/engagingsafetysolutions.com\/esp\/?post_type=product&#038;p=14926"},"modified":"2026-01-25T03:46:27","modified_gmt":"2026-01-25T03:46:27","slug":"control-de-infecciones-en-ambientes-de-salud-para-personal-medico","status":"publish","type":"product","link":"https:\/\/engagingsafetysolutions.com\/esp\/product\/control-de-infecciones-en-ambientes-de-salud-para-personal-medico\/","title":{"rendered":"Control de infecciones en ambientes de salud&#8230; para personal m\u00e9dico"},"content":{"rendered":"<p>El programa e Control de Infecciones en Entornos Sanitarios&#8230; for Medical Personnel habla sobre la importancia del control de infecciones en entornos sanitarios, las normas y normativas que debes cumplir y qu\u00e9 puedes hacer para ayudar a mantener a todos en tu centro libres de infecciones. Desde habitaciones de hospital hasta salas de espera, los centros sanitarios pueden contener muchos organismos da\u00f1inos, como bacterias, hongos y virus. Y si las personas se exponen a estos pat\u00f3genos, pueden desarrollar una infecci\u00f3n que podr\u00eda propagarse f\u00e1cilmente a otros, suponiendo una amenaza para la salud de todos en tu centro. Pero si t\u00fa y tus compa\u00f1eros siguen los procedimientos adecuados,\u00a0 puedes\u00a0 ayudar a controlar la propagaci\u00f3n de estos organismos&#8230; y garantizar un entorno seguro y saludable para todos. Las \u00e1reas incluidas en el programa incluyen informaci\u00f3n sobre la higiene de las instalaciones, tu papel en el control de infecciones, directrices y regulaciones de control de infecciones, protecci\u00f3n de los pacientes frente a infecciones y m\u00e1s.<\/p>\n","protected":false},"excerpt":{"rendered":"<p>El programa de Video On Demand (VOD) sobre Control de Infecciones en Entornos Sanitarios&#8230; for Medical Personnel habla sobre la importancia del control de infecciones en entornos sanitarios, las normas y normativas que debes cumplir y qu\u00e9 puedes hacer para ayudar a mantener a todos en tu centro libres de infecciones.<\/p>\n","protected":false},"featured_media":14927,"template":"","meta":{"_uag_custom_page_level_css":""},"product_brand":[],"product_cat":[68,51,32,52],"product_tag":[],"class_list":{"0":"post-14926","1":"product","2":"type-product","3":"status-publish","4":"has-post-thumbnail","6":"product_cat-dvd-2","7":"product_cat-elearning","8":"product_cat-usb","9":"product_cat-videos-en-demanda","11":"first","12":"instock","13":"taxable","14":"shipping-taxable","15":"purchasable","16":"product-type-variable","17":"has-default-attributes"},"aioseo_notices":[],"uagb_featured_image_src":{"full":["https:\/\/engagingsafetysolutions.com\/esp\/wp-content\/uploads\/ch-vids.00_11_06_18.Still011.jpg",1920,1080,false],"thumbnail":["https:\/\/engagingsafetysolutions.com\/esp\/wp-content\/uploads\/ch-vids.00_11_06_18.Still011.jpg",150,84,false],"medium":["https:\/\/engagingsafetysolutions.com\/esp\/wp-content\/uploads\/ch-vids.00_11_06_18.Still011.jpg",300,169,false],"medium_large":["https:\/\/engagingsafetysolutions.com\/esp\/wp-content\/uploads\/ch-vids.00_11_06_18.Still011.jpg",768,432,false],"large":["https:\/\/engagingsafetysolutions.com\/esp\/wp-content\/uploads\/ch-vids.00_11_06_18.Still011.jpg",1024,576,false],"1536x1536":["https:\/\/engagingsafetysolutions.com\/esp\/wp-content\/uploads\/ch-vids.00_11_06_18.Still011.jpg",1536,864,false],"2048x2048":["https:\/\/engagingsafetysolutions.com\/esp\/wp-content\/uploads\/ch-vids.00_11_06_18.Still011.jpg",1920,1080,false],"woocommerce_thumbnail":["https:\/\/engagingsafetysolutions.com\/esp\/wp-content\/uploads\/ch-vids.00_11_06_18.Still011-300x225.jpg",300,225,true],"woocommerce_single":["https:\/\/engagingsafetysolutions.com\/esp\/wp-content\/uploads\/ch-vids.00_11_06_18.Still011.jpg",640,360,false],"woocommerce_gallery_thumbnail":["https:\/\/engagingsafetysolutions.com\/esp\/wp-content\/uploads\/ch-vids.00_11_06_18.Still011-100x100.jpg",100,100,true],"dgwt-wcas-product-suggestion":["https:\/\/engagingsafetysolutions.com\/esp\/wp-content\/uploads\/ch-vids.00_11_06_18.Still011.jpg",64,36,false]},"uagb_author_info":{"display_name":"evagomez","author_link":"https:\/\/engagingsafetysolutions.com\/esp\/author\/"},"uagb_comment_info":0,"uagb_excerpt":"El programa de Video On Demand (VOD) sobre Control de Infecciones en Entornos Sanitarios... for Medical Personnel habla sobre la importancia del control de infecciones en entornos sanitarios, las normas y normativas que debes cumplir y qu\u00e9 puedes hacer para ayudar a mantener a todos en tu centro libres de infecciones.","_links":{"self":[{"href":"https:\/\/engagingsafetysolutions.com\/esp\/wp-json\/wp\/v2\/product\/14926","targetHints":{"allow":["GET"]}}],"collection":[{"href":"https:\/\/engagingsafetysolutions.com\/esp\/wp-json\/wp\/v2\/product"}],"about":[{"href":"https:\/\/engagingsafetysolutions.com\/esp\/wp-json\/wp\/v2\/types\/product"}],"version-history":[{"count":2,"href":"https:\/\/engagingsafetysolutions.com\/esp\/wp-json\/wp\/v2\/product\/14926\/revisions"}],"predecessor-version":[{"id":14933,"href":"https:\/\/engagingsafetysolutions.com\/esp\/wp-json\/wp\/v2\/product\/14926\/revisions\/14933"}],"wp:featuredmedia":[{"embeddable":true,"href":"https:\/\/engagingsafetysolutions.com\/esp\/wp-json\/wp\/v2\/media\/14927"}],"wp:attachment":[{"href":"https:\/\/engagingsafetysolutions.com\/esp\/wp-json\/wp\/v2\/media?parent=14926"}],"wp:term":[{"taxonomy":"product_brand","embeddable":true,"href":"https:\/\/engagingsafetysolutions.com\/esp\/wp-json\/wp\/v2\/product_brand?post=14926"},{"taxonomy":"product_cat","embeddable":true,"href":"https:\/\/engagingsafetysolutions.com\/esp\/wp-json\/wp\/v2\/product_cat?post=14926"},{"taxonomy":"product_tag","embeddable":true,"href":"https:\/\/engagingsafetysolutions.com\/esp\/wp-json\/wp\/v2\/product_tag?post=14926"}],"curies":[{"name":"wp","href":"https:\/\/api.w.org\/{rel}","templated":true}]}}