{"id":14907,"date":"2025-09-24T23:45:05","date_gmt":"2025-09-24T23:45:05","guid":{"rendered":"https:\/\/engagingsafetysolutions.com\/esp\/?post_type=product&#038;p=14907"},"modified":"2025-09-25T13:50:36","modified_gmt":"2025-09-25T13:50:36","slug":"procedimientos-de-evacuacion-en-ambientes-de-transporte-y-almacenamiento","status":"publish","type":"product","link":"https:\/\/engagingsafetysolutions.com\/esp\/product\/procedimientos-de-evacuacion-en-ambientes-de-transporte-y-almacenamiento\/","title":{"rendered":"Procedimientos de Evacuaci\u00f3n en Ambientes de Transporte y Almacenamiento"},"content":{"rendered":"<p>Procedimientos de Evacuaci\u00f3n en Entornos de Transporte y Almac\u00e9n analiza los Planes de Respuesta a Emergencias, las rutas de evacuaci\u00f3n y los protocolos de comunicaci\u00f3n. Tambi\u00e9n proporciona orientaci\u00f3n pr\u00e1ctica sobre c\u00f3mo responder durante una emergencia, incluida la forma de ayudar a otros y c\u00f3mo evacuar de manera segura. Lidiar con una emergencia nunca es f\u00e1cil. Tampoco lo es evacuar un lugar de trabajo o una instalaci\u00f3n durante uno. Muy pocos de nosotros podemos pensar con claridad o actuar l\u00f3gicamente en una crisis, y nuestro impulso de &#8220;salir&#8221; puede convertirse f\u00e1cilmente en p\u00e1nico. El resultado a menudo puede ser una &#8220;estampida&#8221; que causa lesiones y da\u00f1os a la propiedad. Pero no tiene por qu\u00e9 ser as\u00ed&#8230; porque puede ayudar a garantizar que una evacuaci\u00f3n sea tranquila y ordenada. Las \u00e1reas cubiertas en el curso incluyen el papel del &#8220;equipo de evacuaci\u00f3n&#8221;, c\u00f3mo prepararse para una emergencia, procedimientos b\u00e1sicos de evacuaci\u00f3n, c\u00f3mo hacer frente a incendios y explosiones, c\u00f3mo manejar una situaci\u00f3n de &#8220;tirador activo&#8221; y m\u00e1s. Utilizando una poderosa combinaci\u00f3n de audio, video de movimiento completo, texto y gr\u00e1ficos coloridos, este curso proporciona la capacitaci\u00f3n en seguridad y cumplimiento normativo m\u00e1s rentable disponible en la actualidad.<\/p>\n","protected":false},"excerpt":{"rendered":"<p>El programa sobre procedimientos de evacuaci\u00f3n en entornos de transporte y almac\u00e9n analiza los planes de respuesta a emergencias, las rutas de evacuaci\u00f3n y los protocolos de comunicaci\u00f3n. Tambi\u00e9n proporciona orientaci\u00f3n pr\u00e1ctica sobre c\u00f3mo responder durante una emergencia, incluida la forma de ayudar a otros y c\u00f3mo evacuar de manera segura.<\/p>\n","protected":false},"featured_media":14914,"template":"","meta":{"_uag_custom_page_level_css":""},"product_brand":[],"product_cat":[68,51,32,52],"product_tag":[],"class_list":{"0":"post-14907","1":"product","2":"type-product","3":"status-publish","4":"has-post-thumbnail","6":"product_cat-dvd-2","7":"product_cat-elearning","8":"product_cat-usb","9":"product_cat-videos-en-demanda","11":"first","12":"instock","13":"taxable","14":"shipping-taxable","15":"purchasable","16":"product-type-variable","17":"has-default-attributes"},"aioseo_notices":[],"uagb_featured_image_src":{"full":["https:\/\/engagingsafetysolutions.com\/esp\/wp-content\/uploads\/c_goals-3.jpg",1920,1080,false],"thumbnail":["https:\/\/engagingsafetysolutions.com\/esp\/wp-content\/uploads\/c_goals-3-150x150.jpg",150,150,true],"medium":["https:\/\/engagingsafetysolutions.com\/esp\/wp-content\/uploads\/c_goals-3-300x169.jpg",300,169,true],"medium_large":["https:\/\/engagingsafetysolutions.com\/esp\/wp-content\/uploads\/c_goals-3-768x432.jpg",768,432,true],"large":["https:\/\/engagingsafetysolutions.com\/esp\/wp-content\/uploads\/c_goals-3-1024x576.jpg",1024,576,true],"1536x1536":["https:\/\/engagingsafetysolutions.com\/esp\/wp-content\/uploads\/c_goals-3-1536x864.jpg",1536,864,true],"2048x2048":["https:\/\/engagingsafetysolutions.com\/esp\/wp-content\/uploads\/c_goals-3.jpg",1920,1080,false],"woocommerce_thumbnail":["https:\/\/engagingsafetysolutions.com\/esp\/wp-content\/uploads\/c_goals-3-300x225.jpg",300,225,true],"woocommerce_single":["https:\/\/engagingsafetysolutions.com\/esp\/wp-content\/uploads\/c_goals-3-640x360.jpg",640,360,true],"woocommerce_gallery_thumbnail":["https:\/\/engagingsafetysolutions.com\/esp\/wp-content\/uploads\/c_goals-3-100x100.jpg",100,100,true],"dgwt-wcas-product-suggestion":["https:\/\/engagingsafetysolutions.com\/esp\/wp-content\/uploads\/c_goals-3-64x36.jpg",64,36,true]},"uagb_author_info":{"display_name":"evagomez","author_link":"https:\/\/engagingsafetysolutions.com\/esp\/author\/"},"uagb_comment_info":0,"uagb_excerpt":"El programa sobre procedimientos de evacuaci\u00f3n en entornos de transporte y almac\u00e9n analiza los planes de respuesta a emergencias, las rutas de evacuaci\u00f3n y los protocolos de comunicaci\u00f3n. Tambi\u00e9n proporciona orientaci\u00f3n pr\u00e1ctica sobre c\u00f3mo responder durante una emergencia, incluida la forma de ayudar a otros y c\u00f3mo evacuar de manera segura.","_links":{"self":[{"href":"https:\/\/engagingsafetysolutions.com\/esp\/wp-json\/wp\/v2\/product\/14907","targetHints":{"allow":["GET"]}}],"collection":[{"href":"https:\/\/engagingsafetysolutions.com\/esp\/wp-json\/wp\/v2\/product"}],"about":[{"href":"https:\/\/engagingsafetysolutions.com\/esp\/wp-json\/wp\/v2\/types\/product"}],"version-history":[{"count":4,"href":"https:\/\/engagingsafetysolutions.com\/esp\/wp-json\/wp\/v2\/product\/14907\/revisions"}],"predecessor-version":[{"id":14921,"href":"https:\/\/engagingsafetysolutions.com\/esp\/wp-json\/wp\/v2\/product\/14907\/revisions\/14921"}],"wp:featuredmedia":[{"embeddable":true,"href":"https:\/\/engagingsafetysolutions.com\/esp\/wp-json\/wp\/v2\/media\/14914"}],"wp:attachment":[{"href":"https:\/\/engagingsafetysolutions.com\/esp\/wp-json\/wp\/v2\/media?parent=14907"}],"wp:term":[{"taxonomy":"product_brand","embeddable":true,"href":"https:\/\/engagingsafetysolutions.com\/esp\/wp-json\/wp\/v2\/product_brand?post=14907"},{"taxonomy":"product_cat","embeddable":true,"href":"https:\/\/engagingsafetysolutions.com\/esp\/wp-json\/wp\/v2\/product_cat?post=14907"},{"taxonomy":"product_tag","embeddable":true,"href":"https:\/\/engagingsafetysolutions.com\/esp\/wp-json\/wp\/v2\/product_tag?post=14907"}],"curies":[{"name":"wp","href":"https:\/\/api.w.org\/{rel}","templated":true}]}}