{"id":13623,"date":"2025-07-25T14:18:41","date_gmt":"2025-07-25T14:18:41","guid":{"rendered":"https:\/\/engagingsafetysolutions.com\/esp\/?post_type=product&#038;p=13623"},"modified":"2025-08-18T16:45:18","modified_gmt":"2025-08-18T16:45:18","slug":"levantar-de-manera-segura-en-ambientes-industriales","status":"publish","type":"product","link":"https:\/\/engagingsafetysolutions.com\/esp\/product\/levantar-de-manera-segura-en-ambientes-industriales\/","title":{"rendered":"Levantar de Manera Segura en Ambientes Industriales"},"content":{"rendered":"<p>El programa Levantamiento seguro en entornos industriales analiza c\u00f3mo levantar y transportar cosas puede afectar la espalda, y c\u00f3mo los empleados pueden usar t\u00e9cnicas de levantamiento seguras para ayudarlos a evitar lesiones en la espalda en una instalaci\u00f3n industrial. Todos hemos experimentado dolor de espalda en un momento u otro, y probablemente fue el resultado de levantar algo incorrectamente. Tal vez la carga era demasiado grande o demasiado pesada, o la levantamos desde una posici\u00f3n inc\u00f3moda. Pero si desea evitar lesiones, debe asegurarse de usar su espalda de la &#8220;manera correcta&#8221;. El programa incluye informaci\u00f3n sobre la mec\u00e1nica del levantamiento seguro en un entorno industrial, c\u00f3mo &#8220;escuchar&#8221; su espalda, tipos de lesiones en la espalda, preparaci\u00f3n para levantar algo de una manera que proteja su espalda, c\u00f3mo mantener su espalda segura cuando levanta &#8220;por debajo de la cintura&#8221; y m\u00e1s.<\/p>\n","protected":false},"excerpt":{"rendered":"<p>El programa Levantar de Manera Segura en Ambientes Industriales analiza c\u00f3mo levantar y transportar cosas puede afectar la espalda, y c\u00f3mo los empleados pueden usar t\u00e9cnicas de levantamiento seguras para ayudarlos a evitar lesiones en la espalda en una instalaci\u00f3n industrial. <\/p>\n","protected":false},"featured_media":13624,"template":"","meta":{"_uag_custom_page_level_css":""},"product_brand":[],"product_cat":[68,51,32,52],"product_tag":[],"class_list":{"0":"post-13623","1":"product","2":"type-product","3":"status-publish","4":"has-post-thumbnail","6":"product_cat-dvd-2","7":"product_cat-elearning","8":"product_cat-usb","9":"product_cat-videos-en-demanda","11":"first","12":"instock","13":"taxable","14":"shipping-taxable","15":"purchasable","16":"product-type-variable","17":"has-default-attributes"},"aioseo_notices":[],"uagb_featured_image_src":{"full":["https:\/\/engagingsafetysolutions.com\/esp\/wp-content\/uploads\/vlcsnap-2022-11-30-09h34m19s713.jpg",1920,1080,false],"thumbnail":["https:\/\/engagingsafetysolutions.com\/esp\/wp-content\/uploads\/vlcsnap-2022-11-30-09h34m19s713-150x150.jpg",150,150,true],"medium":["https:\/\/engagingsafetysolutions.com\/esp\/wp-content\/uploads\/vlcsnap-2022-11-30-09h34m19s713-300x169.jpg",300,169,true],"medium_large":["https:\/\/engagingsafetysolutions.com\/esp\/wp-content\/uploads\/vlcsnap-2022-11-30-09h34m19s713-768x432.jpg",768,432,true],"large":["https:\/\/engagingsafetysolutions.com\/esp\/wp-content\/uploads\/vlcsnap-2022-11-30-09h34m19s713-1024x576.jpg",1024,576,true],"1536x1536":["https:\/\/engagingsafetysolutions.com\/esp\/wp-content\/uploads\/vlcsnap-2022-11-30-09h34m19s713-1536x864.jpg",1536,864,true],"2048x2048":["https:\/\/engagingsafetysolutions.com\/esp\/wp-content\/uploads\/vlcsnap-2022-11-30-09h34m19s713.jpg",1920,1080,false],"woocommerce_thumbnail":["https:\/\/engagingsafetysolutions.com\/esp\/wp-content\/uploads\/vlcsnap-2022-11-30-09h34m19s713-300x225.jpg",300,225,true],"woocommerce_single":["https:\/\/engagingsafetysolutions.com\/esp\/wp-content\/uploads\/vlcsnap-2022-11-30-09h34m19s713-640x360.jpg",640,360,true],"woocommerce_gallery_thumbnail":["https:\/\/engagingsafetysolutions.com\/esp\/wp-content\/uploads\/vlcsnap-2022-11-30-09h34m19s713-100x100.jpg",100,100,true],"dgwt-wcas-product-suggestion":["https:\/\/engagingsafetysolutions.com\/esp\/wp-content\/uploads\/vlcsnap-2022-11-30-09h34m19s713-64x36.jpg",64,36,true]},"uagb_author_info":{"display_name":"evagomez","author_link":"https:\/\/engagingsafetysolutions.com\/esp\/author\/"},"uagb_comment_info":0,"uagb_excerpt":"El programa Levantar de Manera Segura en Ambientes Industriales analiza c\u00f3mo levantar y transportar cosas puede afectar la espalda, y c\u00f3mo los empleados pueden usar t\u00e9cnicas de levantamiento seguras para ayudarlos a evitar lesiones en la espalda en una instalaci\u00f3n industrial.","_links":{"self":[{"href":"https:\/\/engagingsafetysolutions.com\/esp\/wp-json\/wp\/v2\/product\/13623","targetHints":{"allow":["GET"]}}],"collection":[{"href":"https:\/\/engagingsafetysolutions.com\/esp\/wp-json\/wp\/v2\/product"}],"about":[{"href":"https:\/\/engagingsafetysolutions.com\/esp\/wp-json\/wp\/v2\/types\/product"}],"version-history":[{"count":5,"href":"https:\/\/engagingsafetysolutions.com\/esp\/wp-json\/wp\/v2\/product\/13623\/revisions"}],"predecessor-version":[{"id":14806,"href":"https:\/\/engagingsafetysolutions.com\/esp\/wp-json\/wp\/v2\/product\/13623\/revisions\/14806"}],"wp:featuredmedia":[{"embeddable":true,"href":"https:\/\/engagingsafetysolutions.com\/esp\/wp-json\/wp\/v2\/media\/13624"}],"wp:attachment":[{"href":"https:\/\/engagingsafetysolutions.com\/esp\/wp-json\/wp\/v2\/media?parent=13623"}],"wp:term":[{"taxonomy":"product_brand","embeddable":true,"href":"https:\/\/engagingsafetysolutions.com\/esp\/wp-json\/wp\/v2\/product_brand?post=13623"},{"taxonomy":"product_cat","embeddable":true,"href":"https:\/\/engagingsafetysolutions.com\/esp\/wp-json\/wp\/v2\/product_cat?post=13623"},{"taxonomy":"product_tag","embeddable":true,"href":"https:\/\/engagingsafetysolutions.com\/esp\/wp-json\/wp\/v2\/product_tag?post=13623"}],"curies":[{"name":"wp","href":"https:\/\/api.w.org\/{rel}","templated":true}]}}