{"id":13239,"date":"2024-10-22T23:11:58","date_gmt":"2024-10-22T23:11:58","guid":{"rendered":"https:\/\/engagingsafetysolutions.com\/esp\/?post_type=product&#038;p=13239"},"modified":"2025-08-18T16:44:39","modified_gmt":"2025-08-18T16:44:39","slug":"superficies-donde-se-camina-y-trabaja-en-ambientes-de-transporte-y-deposito","status":"publish","type":"product","link":"https:\/\/engagingsafetysolutions.com\/esp\/product\/superficies-donde-se-camina-y-trabaja-en-ambientes-de-transporte-y-deposito\/","title":{"rendered":"Superficies Donde se Camina y Trabaja en Ambientes de Transporte y Dep\u00f3sito"},"content":{"rendered":"<p>El programa Superficies para caminar y trabajar en entornos de transporte y almac\u00e9n analiza los peligros asociados con las diferentes superficies para caminar que los empleados pueden encontrar en el trabajo y proporciona informaci\u00f3n pr\u00e1ctica que necesitan para protegerse de da\u00f1os. Ya sea que estemos de pie, caminando o escalando, dependemos de las superficies sobre las que caminamos para brindarnos el apoyo que necesitamos para posicionarnos correctamente, usar nuestros m\u00fasculos de manera eficiente, mantener el equilibrio &#8230; y hacer nuestro trabajo de manera segura. Sin embargo, los resbalones, tropiezos y ca\u00eddas contin\u00faan representando el 20% de las lesiones ocupacionales incapacitantes y miles de muertes cada a\u00f1o. Afortunadamente, la mayor\u00eda de estos accidentes se pueden prevenir. El programa incluye informaci\u00f3n sobre los peligros asociados con diferentes superficies para caminar y trabajar, c\u00f3mo mantenerse seguro al navegar por pisos y pasillos, requisitos de seguridad para escaleras y escaleras fijas, inspeccionar y configurar adecuadamente una escalera port\u00e1til, y m\u00e1s.<\/p>\n","protected":false},"excerpt":{"rendered":"<p>El programa Superficies para caminar y trabajar en entornos de transporte y almac\u00e9n analiza los peligros asociados con las diferentes superficies para caminar que los empleados pueden encontrar en el trabajo y proporciona informaci\u00f3n pr\u00e1ctica que necesitan para protegerse de da\u00f1os. <\/p>\n","protected":false},"featured_media":13252,"template":"","meta":{"_uag_custom_page_level_css":""},"product_brand":[],"product_cat":[68,51,32,52],"product_tag":[],"class_list":{"0":"post-13239","1":"product","2":"type-product","3":"status-publish","4":"has-post-thumbnail","6":"product_cat-dvd-2","7":"product_cat-elearning","8":"product_cat-usb","9":"product_cat-videos-en-demanda","11":"first","12":"instock","13":"taxable","14":"shipping-taxable","15":"purchasable","16":"product-type-variable","17":"has-default-attributes"},"aioseo_notices":[],"uagb_featured_image_src":{"full":["https:\/\/engagingsafetysolutions.com\/esp\/wp-content\/uploads\/TRAN_409.jpg",1917,1077,false],"thumbnail":["https:\/\/engagingsafetysolutions.com\/esp\/wp-content\/uploads\/TRAN_409-150x150.jpg",150,150,true],"medium":["https:\/\/engagingsafetysolutions.com\/esp\/wp-content\/uploads\/TRAN_409-300x169.jpg",300,169,true],"medium_large":["https:\/\/engagingsafetysolutions.com\/esp\/wp-content\/uploads\/TRAN_409-768x431.jpg",768,431,true],"large":["https:\/\/engagingsafetysolutions.com\/esp\/wp-content\/uploads\/TRAN_409-1024x575.jpg",1024,575,true],"1536x1536":["https:\/\/engagingsafetysolutions.com\/esp\/wp-content\/uploads\/TRAN_409-1536x863.jpg",1536,863,true],"2048x2048":["https:\/\/engagingsafetysolutions.com\/esp\/wp-content\/uploads\/TRAN_409.jpg",1917,1077,false],"woocommerce_thumbnail":["https:\/\/engagingsafetysolutions.com\/esp\/wp-content\/uploads\/TRAN_409-300x225.jpg",300,225,true],"woocommerce_single":["https:\/\/engagingsafetysolutions.com\/esp\/wp-content\/uploads\/TRAN_409-640x360.jpg",640,360,true],"woocommerce_gallery_thumbnail":["https:\/\/engagingsafetysolutions.com\/esp\/wp-content\/uploads\/TRAN_409-100x100.jpg",100,100,true],"dgwt-wcas-product-suggestion":["https:\/\/engagingsafetysolutions.com\/esp\/wp-content\/uploads\/TRAN_409-64x36.jpg",64,36,true]},"uagb_author_info":{"display_name":"evagomez","author_link":"https:\/\/engagingsafetysolutions.com\/esp\/author\/"},"uagb_comment_info":0,"uagb_excerpt":"El programa Superficies para caminar y trabajar en entornos de transporte y almac\u00e9n analiza los peligros asociados con las diferentes superficies para caminar que los empleados pueden encontrar en el trabajo y proporciona informaci\u00f3n pr\u00e1ctica que necesitan para protegerse de da\u00f1os.","_links":{"self":[{"href":"https:\/\/engagingsafetysolutions.com\/esp\/wp-json\/wp\/v2\/product\/13239","targetHints":{"allow":["GET"]}}],"collection":[{"href":"https:\/\/engagingsafetysolutions.com\/esp\/wp-json\/wp\/v2\/product"}],"about":[{"href":"https:\/\/engagingsafetysolutions.com\/esp\/wp-json\/wp\/v2\/types\/product"}],"version-history":[{"count":5,"href":"https:\/\/engagingsafetysolutions.com\/esp\/wp-json\/wp\/v2\/product\/13239\/revisions"}],"predecessor-version":[{"id":14778,"href":"https:\/\/engagingsafetysolutions.com\/esp\/wp-json\/wp\/v2\/product\/13239\/revisions\/14778"}],"wp:featuredmedia":[{"embeddable":true,"href":"https:\/\/engagingsafetysolutions.com\/esp\/wp-json\/wp\/v2\/media\/13252"}],"wp:attachment":[{"href":"https:\/\/engagingsafetysolutions.com\/esp\/wp-json\/wp\/v2\/media?parent=13239"}],"wp:term":[{"taxonomy":"product_brand","embeddable":true,"href":"https:\/\/engagingsafetysolutions.com\/esp\/wp-json\/wp\/v2\/product_brand?post=13239"},{"taxonomy":"product_cat","embeddable":true,"href":"https:\/\/engagingsafetysolutions.com\/esp\/wp-json\/wp\/v2\/product_cat?post=13239"},{"taxonomy":"product_tag","embeddable":true,"href":"https:\/\/engagingsafetysolutions.com\/esp\/wp-json\/wp\/v2\/product_tag?post=13239"}],"curies":[{"name":"wp","href":"https:\/\/api.w.org\/{rel}","templated":true}]}}