{"id":12988,"date":"2024-01-14T01:29:06","date_gmt":"2024-01-14T01:29:06","guid":{"rendered":"https:\/\/engagingsafetysolutions.com\/esp\/?post_type=product&#038;p=12988"},"modified":"2025-08-18T16:44:21","modified_gmt":"2025-08-18T16:44:21","slug":"pruebas-de-alcohol-y-drogas-para-conductores-cdl","status":"publish","type":"product","link":"https:\/\/engagingsafetysolutions.com\/esp\/product\/pruebas-de-alcohol-y-drogas-para-conductores-cdl\/","title":{"rendered":"Pruebas de Detecci\u00f3n de Drogas y Alcohol Para Conductores con CDL"},"content":{"rendered":"<p>El programa de pruebas de drogas y alcohol para conductores CDL analiza el requisito de pruebas de drogas y alcohol y c\u00f3mo afecta a los empleados de transporte &#8230; y revisa el proceso de prueba en s\u00ed, qu\u00e9 sucede si un conductor da positivo por una sustancia y c\u00f3mo obtener ayuda para un problema de drogas o alcohol. Todo el mundo sabe que el alcohol, las drogas y la conducci\u00f3n no se mezclan. Sin embargo, los conductores que est\u00e1n &#8220;bajo la influencia&#8221; siguen siendo una de las principales causas de accidentes. Para ayudar a garantizar que los conductores de veh\u00edculos comerciales permanezcan libres de drogas y alcohol al volante, la Ley Federal de Pruebas para Empleados de Transporte requiere que los transportistas establezcan rigurosos programas de pruebas de drogas y alcohol. El programa incluye informaci\u00f3n sobre las regulaciones de drogas y alcohol del DOT y la FMCSA, conceptos b\u00e1sicos de las pruebas de drogas y alcohol, c\u00f3mo se realizan las pruebas de drogas y alcohol, remoci\u00f3n y regreso al servicio para los conductores de CDL, abuso de sustancias y c\u00f3mo obtener ayuda y m\u00e1s.<\/p>\n","protected":false},"excerpt":{"rendered":"<p>El programa de pruebas de drogas y alcohol para conductores CDL  analiza el requisito de pruebas de drogas y alcohol y c\u00f3mo afecta a los empleados de transporte &#8230; y revisa el proceso de prueba en s\u00ed, qu\u00e9 sucede si un conductor da positivo por una sustancia y c\u00f3mo obtener ayuda para un problema de drogas o alcohol.<\/p>\n","protected":false},"featured_media":13220,"template":"","meta":{"_uag_custom_page_level_css":""},"product_brand":[],"product_cat":[51,58,32],"product_tag":[],"class_list":{"0":"post-12988","1":"product","2":"type-product","3":"status-publish","4":"has-post-thumbnail","6":"product_cat-elearning","7":"product_cat-micro-videos","8":"product_cat-usb","10":"first","11":"instock","12":"taxable","13":"shipping-taxable","14":"purchasable","15":"product-type-variable"},"aioseo_notices":[],"uagb_featured_image_src":{"full":["https:\/\/engagingsafetysolutions.com\/esp\/wp-content\/uploads\/TRN_436.jpg",1920,1080,false],"thumbnail":["https:\/\/engagingsafetysolutions.com\/esp\/wp-content\/uploads\/TRN_436-150x150.jpg",150,150,true],"medium":["https:\/\/engagingsafetysolutions.com\/esp\/wp-content\/uploads\/TRN_436-300x169.jpg",300,169,true],"medium_large":["https:\/\/engagingsafetysolutions.com\/esp\/wp-content\/uploads\/TRN_436-768x432.jpg",768,432,true],"large":["https:\/\/engagingsafetysolutions.com\/esp\/wp-content\/uploads\/TRN_436-1024x576.jpg",1024,576,true],"1536x1536":["https:\/\/engagingsafetysolutions.com\/esp\/wp-content\/uploads\/TRN_436-1536x864.jpg",1536,864,true],"2048x2048":["https:\/\/engagingsafetysolutions.com\/esp\/wp-content\/uploads\/TRN_436.jpg",1920,1080,false],"woocommerce_thumbnail":["https:\/\/engagingsafetysolutions.com\/esp\/wp-content\/uploads\/TRN_436-300x225.jpg",300,225,true],"woocommerce_single":["https:\/\/engagingsafetysolutions.com\/esp\/wp-content\/uploads\/TRN_436-640x360.jpg",640,360,true],"woocommerce_gallery_thumbnail":["https:\/\/engagingsafetysolutions.com\/esp\/wp-content\/uploads\/TRN_436-100x100.jpg",100,100,true],"dgwt-wcas-product-suggestion":["https:\/\/engagingsafetysolutions.com\/esp\/wp-content\/uploads\/TRN_436-64x36.jpg",64,36,true]},"uagb_author_info":{"display_name":"evagomez","author_link":"https:\/\/engagingsafetysolutions.com\/esp\/author\/"},"uagb_comment_info":0,"uagb_excerpt":"El programa de pruebas de drogas y alcohol para conductores CDL analiza el requisito de pruebas de drogas y alcohol y c\u00f3mo afecta a los empleados de transporte ... y revisa el proceso de prueba en s\u00ed, qu\u00e9 sucede si un conductor da positivo por una sustancia y c\u00f3mo obtener ayuda para un problema de&hellip;","_links":{"self":[{"href":"https:\/\/engagingsafetysolutions.com\/esp\/wp-json\/wp\/v2\/product\/12988","targetHints":{"allow":["GET"]}}],"collection":[{"href":"https:\/\/engagingsafetysolutions.com\/esp\/wp-json\/wp\/v2\/product"}],"about":[{"href":"https:\/\/engagingsafetysolutions.com\/esp\/wp-json\/wp\/v2\/types\/product"}],"version-history":[{"count":5,"href":"https:\/\/engagingsafetysolutions.com\/esp\/wp-json\/wp\/v2\/product\/12988\/revisions"}],"predecessor-version":[{"id":14758,"href":"https:\/\/engagingsafetysolutions.com\/esp\/wp-json\/wp\/v2\/product\/12988\/revisions\/14758"}],"wp:featuredmedia":[{"embeddable":true,"href":"https:\/\/engagingsafetysolutions.com\/esp\/wp-json\/wp\/v2\/media\/13220"}],"wp:attachment":[{"href":"https:\/\/engagingsafetysolutions.com\/esp\/wp-json\/wp\/v2\/media?parent=12988"}],"wp:term":[{"taxonomy":"product_brand","embeddable":true,"href":"https:\/\/engagingsafetysolutions.com\/esp\/wp-json\/wp\/v2\/product_brand?post=12988"},{"taxonomy":"product_cat","embeddable":true,"href":"https:\/\/engagingsafetysolutions.com\/esp\/wp-json\/wp\/v2\/product_cat?post=12988"},{"taxonomy":"product_tag","embeddable":true,"href":"https:\/\/engagingsafetysolutions.com\/esp\/wp-json\/wp\/v2\/product_tag?post=12988"}],"curies":[{"name":"wp","href":"https:\/\/api.w.org\/{rel}","templated":true}]}}