{"id":12920,"date":"2024-01-13T21:48:03","date_gmt":"2024-01-13T21:48:03","guid":{"rendered":"https:\/\/engagingsafetysolutions.com\/esp\/?post_type=product&#038;p=12920"},"modified":"2025-08-18T16:44:13","modified_gmt":"2025-08-18T16:44:13","slug":"seguridad-en-el-lugar-de-trabajo","status":"publish","type":"product","link":"https:\/\/engagingsafetysolutions.com\/esp\/product\/seguridad-en-el-lugar-de-trabajo\/","title":{"rendered":"Seguridad en el Lugar de Trabajo"},"content":{"rendered":"<p>El programa de seguridad en el lugar de trabajo analiza la importancia de la &#8220;seguridad en el lugar de trabajo&#8221;, c\u00f3mo identificar vulnerabilidades en sus instalaciones y los tipos de pol\u00edticas que deben incluirse en su programa de seguridad en el lugar de trabajo. Escuchamos sobre eso casi todos los d\u00edas: en alg\u00fan lugar ha sucedido algo malo en un lugar de trabajo. Un empleado ha recibido un disparo de un compa\u00f1ero de trabajo enojado o un c\u00f3nyuge separado, se ha detonado una bomba y las personas han resultado heridas, o el sistema inform\u00e1tico de una empresa ha sido pirateado y la informaci\u00f3n de la tarjeta de cr\u00e9dito de millones de clientes ha sido robada. Estas cosas no suceden &#8220;en otro lugar&#8221;. Pueden ocurrir en nuestra propia ciudad o pueblo&#8230; incluso nuestra propia empresa. El programa incluye informaci\u00f3n sobre la identificaci\u00f3n de problemas y vulnerabilidades de seguridad, el fortalecimiento de la seguridad f\u00edsica de puertas, vidrios y cerraduras, el fortalecimiento de la seguridad f\u00edsica de la iluminaci\u00f3n, la vigilancia y las alarmas, la ciberseguridad y la protecci\u00f3n de la informaci\u00f3n de la empresa, el control del acceso y la supervisi\u00f3n de los visitantes, el tratamiento de la violencia en el lugar de trabajo y m\u00e1s.<\/p>\n","protected":false},"excerpt":{"rendered":"<p>El programa de seguridad en el lugar de trabajo analiza la importancia de la &#8220;seguridad en el lugar de trabajo&#8221;, c\u00f3mo identificar vulnerabilidades en sus instalaciones y los tipos de pol\u00edticas que deben incluirse en su programa de seguridad en el lugar de trabajo. <\/p>\n","protected":false},"featured_media":12921,"template":"","meta":{"_uag_custom_page_level_css":""},"product_brand":[],"product_cat":[68,51,32,52],"product_tag":[],"class_list":{"0":"post-12920","1":"product","2":"type-product","3":"status-publish","4":"has-post-thumbnail","6":"product_cat-dvd-2","7":"product_cat-elearning","8":"product_cat-usb","9":"product_cat-videos-en-demanda","11":"first","12":"instock","13":"taxable","14":"shipping-taxable","15":"purchasable","16":"product-type-variable","17":"has-default-attributes"},"aioseo_notices":[],"uagb_featured_image_src":{"full":["https:\/\/engagingsafetysolutions.com\/esp\/wp-content\/uploads\/gen_393_action_photo.jpg",1920,1080,false],"thumbnail":["https:\/\/engagingsafetysolutions.com\/esp\/wp-content\/uploads\/gen_393_action_photo-150x150.jpg",150,150,true],"medium":["https:\/\/engagingsafetysolutions.com\/esp\/wp-content\/uploads\/gen_393_action_photo-300x169.jpg",300,169,true],"medium_large":["https:\/\/engagingsafetysolutions.com\/esp\/wp-content\/uploads\/gen_393_action_photo-768x432.jpg",768,432,true],"large":["https:\/\/engagingsafetysolutions.com\/esp\/wp-content\/uploads\/gen_393_action_photo-1024x576.jpg",1024,576,true],"1536x1536":["https:\/\/engagingsafetysolutions.com\/esp\/wp-content\/uploads\/gen_393_action_photo-1536x864.jpg",1536,864,true],"2048x2048":["https:\/\/engagingsafetysolutions.com\/esp\/wp-content\/uploads\/gen_393_action_photo.jpg",1920,1080,false],"woocommerce_thumbnail":["https:\/\/engagingsafetysolutions.com\/esp\/wp-content\/uploads\/gen_393_action_photo-300x225.jpg",300,225,true],"woocommerce_single":["https:\/\/engagingsafetysolutions.com\/esp\/wp-content\/uploads\/gen_393_action_photo-640x360.jpg",640,360,true],"woocommerce_gallery_thumbnail":["https:\/\/engagingsafetysolutions.com\/esp\/wp-content\/uploads\/gen_393_action_photo-100x100.jpg",100,100,true],"dgwt-wcas-product-suggestion":["https:\/\/engagingsafetysolutions.com\/esp\/wp-content\/uploads\/gen_393_action_photo-64x36.jpg",64,36,true]},"uagb_author_info":{"display_name":"evagomez","author_link":"https:\/\/engagingsafetysolutions.com\/esp\/author\/"},"uagb_comment_info":0,"uagb_excerpt":"El programa de seguridad en el lugar de trabajo analiza la importancia de la \"seguridad en el lugar de trabajo\", c\u00f3mo identificar vulnerabilidades en sus instalaciones y los tipos de pol\u00edticas que deben incluirse en su programa de seguridad en el lugar de trabajo.","_links":{"self":[{"href":"https:\/\/engagingsafetysolutions.com\/esp\/wp-json\/wp\/v2\/product\/12920","targetHints":{"allow":["GET"]}}],"collection":[{"href":"https:\/\/engagingsafetysolutions.com\/esp\/wp-json\/wp\/v2\/product"}],"about":[{"href":"https:\/\/engagingsafetysolutions.com\/esp\/wp-json\/wp\/v2\/types\/product"}],"version-history":[{"count":4,"href":"https:\/\/engagingsafetysolutions.com\/esp\/wp-json\/wp\/v2\/product\/12920\/revisions"}],"predecessor-version":[{"id":14749,"href":"https:\/\/engagingsafetysolutions.com\/esp\/wp-json\/wp\/v2\/product\/12920\/revisions\/14749"}],"wp:featuredmedia":[{"embeddable":true,"href":"https:\/\/engagingsafetysolutions.com\/esp\/wp-json\/wp\/v2\/media\/12921"}],"wp:attachment":[{"href":"https:\/\/engagingsafetysolutions.com\/esp\/wp-json\/wp\/v2\/media?parent=12920"}],"wp:term":[{"taxonomy":"product_brand","embeddable":true,"href":"https:\/\/engagingsafetysolutions.com\/esp\/wp-json\/wp\/v2\/product_brand?post=12920"},{"taxonomy":"product_cat","embeddable":true,"href":"https:\/\/engagingsafetysolutions.com\/esp\/wp-json\/wp\/v2\/product_cat?post=12920"},{"taxonomy":"product_tag","embeddable":true,"href":"https:\/\/engagingsafetysolutions.com\/esp\/wp-json\/wp\/v2\/product_tag?post=12920"}],"curies":[{"name":"wp","href":"https:\/\/api.w.org\/{rel}","templated":true}]}}