{"id":12847,"date":"2024-01-13T00:50:31","date_gmt":"2024-01-13T00:50:31","guid":{"rendered":"https:\/\/engagingsafetysolutions.com\/esp\/?post_type=product&#038;p=12847"},"modified":"2025-08-18T16:44:08","modified_gmt":"2025-08-18T16:44:08","slug":"plataformas-elevadoras-aereas-en-entornos-industriales-y-de-construccion-trabajar-con-y-alrededor-de-una-plataforma-elevadora","status":"publish","type":"product","link":"https:\/\/engagingsafetysolutions.com\/esp\/product\/plataformas-elevadoras-aereas-en-entornos-industriales-y-de-construccion-trabajar-con-y-alrededor-de-una-plataforma-elevadora\/","title":{"rendered":"Plataformas Elevadoras A\u00e9reas en Entornos Industriales y de Construcci\u00f3n\u2026 Trabajar con y Alrededor de una Plataforma Elevadora"},"content":{"rendered":"<p>El programa Elevadores a\u00e9reos en entornos industriales y de construcci\u00f3n: trabajar con un elevador o en el suelo alrededor de uno es el segundo de una serie de dos partes que ha sido dise\u00f1ada para cumplir con los requisitos de capacitaci\u00f3n de OSHA en su est\u00e1ndar de &#8220;Plataformas de trabajo elevadas m\u00f3viles&#8221; (PEMP\/PTA). El curso analiza c\u00f3mo inspeccionar un elevador a\u00e9reo, c\u00f3mo prepararse para usar un elevador, c\u00f3mo operar un elevador a\u00e9reo y c\u00f3mo trabajar en el suelo cerca de un elevador de manera segura. Antes de comenzar a trabajar con un elevador a\u00e9reo, debe saber c\u00f3mo inspeccionarlo correctamente, configurarlo y operarlo de manera segura. Esto no solo ayuda a mantenerte a salvo&#8230; puede garantizar que todos en el terreno tambi\u00e9n se mantengan seguros. La ca\u00edda de objetos, los &#8220;volcadores&#8221; de equipos e incluso los peligros de electrocuci\u00f3n pueden hacer que trabajar cerca de un elevador a\u00e9reo sea riesgoso. Saber c\u00f3mo operar un ascensor de manera segura y ser consciente de estos peligros podr\u00eda salvarlo a usted y a sus compa\u00f1eros de trabajo de da\u00f1os graves. El programa incluye criterios para inspeccionar las PEMP\/PTA y las \u00e1reas que las rodean, equipos y pr\u00e1cticas de trabajo seguras para preparar un elevador a\u00e9reo para su uso, procedimientos a seguir al levantar un elevador, bajar de manera segura la plataforma de trabajo de un elevador, peligros asociados con trabajar en el suelo cerca de un elevador a\u00e9reo y m\u00e1s.<\/p>\n","protected":false},"excerpt":{"rendered":"<p>El programa Elevadores a\u00e9reos en entornos industriales y de construcci\u00f3n: trabajar con un elevador o en el suelo alrededor de uno es el segundo de una serie de dos partes que ha sido dise\u00f1ada para cumplir con los requisitos de capacitaci\u00f3n de OSHA en su est\u00e1ndar de &#8220;Plataformas de trabajo elevadas m\u00f3viles&#8221; (PEMP\/PTA). El curso analiza c\u00f3mo inspeccionar un elevador a\u00e9reo, c\u00f3mo prepararse para usar un elevador, c\u00f3mo operar un elevador a\u00e9reo y c\u00f3mo trabajar en el suelo cerca de un elevador de manera segura. <\/p>\n","protected":false},"featured_media":13858,"template":"","meta":{"_uag_custom_page_level_css":""},"product_brand":[],"product_cat":[68,51,32,52],"product_tag":[],"class_list":{"0":"post-12847","1":"product","2":"type-product","3":"status-publish","4":"has-post-thumbnail","6":"product_cat-dvd-2","7":"product_cat-elearning","8":"product_cat-usb","9":"product_cat-videos-en-demanda","11":"first","12":"instock","13":"taxable","14":"shipping-taxable","15":"purchasable","16":"product-type-variable","17":"has-default-attributes"},"aioseo_notices":[],"uagb_featured_image_src":{"full":["https:\/\/engagingsafetysolutions.com\/esp\/wp-content\/uploads\/ind_413_action_photo.jpg",1920,1080,false],"thumbnail":["https:\/\/engagingsafetysolutions.com\/esp\/wp-content\/uploads\/ind_413_action_photo-150x150.jpg",150,150,true],"medium":["https:\/\/engagingsafetysolutions.com\/esp\/wp-content\/uploads\/ind_413_action_photo-300x169.jpg",300,169,true],"medium_large":["https:\/\/engagingsafetysolutions.com\/esp\/wp-content\/uploads\/ind_413_action_photo-768x432.jpg",768,432,true],"large":["https:\/\/engagingsafetysolutions.com\/esp\/wp-content\/uploads\/ind_413_action_photo-1024x576.jpg",1024,576,true],"1536x1536":["https:\/\/engagingsafetysolutions.com\/esp\/wp-content\/uploads\/ind_413_action_photo-1536x864.jpg",1536,864,true],"2048x2048":["https:\/\/engagingsafetysolutions.com\/esp\/wp-content\/uploads\/ind_413_action_photo.jpg",1920,1080,false],"woocommerce_thumbnail":["https:\/\/engagingsafetysolutions.com\/esp\/wp-content\/uploads\/ind_413_action_photo-300x225.jpg",300,225,true],"woocommerce_single":["https:\/\/engagingsafetysolutions.com\/esp\/wp-content\/uploads\/ind_413_action_photo-640x360.jpg",640,360,true],"woocommerce_gallery_thumbnail":["https:\/\/engagingsafetysolutions.com\/esp\/wp-content\/uploads\/ind_413_action_photo-100x100.jpg",100,100,true],"dgwt-wcas-product-suggestion":["https:\/\/engagingsafetysolutions.com\/esp\/wp-content\/uploads\/ind_413_action_photo-64x36.jpg",64,36,true]},"uagb_author_info":{"display_name":"evagomez","author_link":"https:\/\/engagingsafetysolutions.com\/esp\/author\/"},"uagb_comment_info":0,"uagb_excerpt":"El programa Elevadores a\u00e9reos en entornos industriales y de construcci\u00f3n: trabajar con un elevador o en el suelo alrededor de uno es el segundo de una serie de dos partes que ha sido dise\u00f1ada para cumplir con los requisitos de capacitaci\u00f3n de OSHA en su est\u00e1ndar de \"Plataformas de trabajo elevadas m\u00f3viles\" (PEMP\/PTA). El curso&hellip;","_links":{"self":[{"href":"https:\/\/engagingsafetysolutions.com\/esp\/wp-json\/wp\/v2\/product\/12847","targetHints":{"allow":["GET"]}}],"collection":[{"href":"https:\/\/engagingsafetysolutions.com\/esp\/wp-json\/wp\/v2\/product"}],"about":[{"href":"https:\/\/engagingsafetysolutions.com\/esp\/wp-json\/wp\/v2\/types\/product"}],"version-history":[{"count":2,"href":"https:\/\/engagingsafetysolutions.com\/esp\/wp-json\/wp\/v2\/product\/12847\/revisions"}],"predecessor-version":[{"id":14743,"href":"https:\/\/engagingsafetysolutions.com\/esp\/wp-json\/wp\/v2\/product\/12847\/revisions\/14743"}],"wp:featuredmedia":[{"embeddable":true,"href":"https:\/\/engagingsafetysolutions.com\/esp\/wp-json\/wp\/v2\/media\/13858"}],"wp:attachment":[{"href":"https:\/\/engagingsafetysolutions.com\/esp\/wp-json\/wp\/v2\/media?parent=12847"}],"wp:term":[{"taxonomy":"product_brand","embeddable":true,"href":"https:\/\/engagingsafetysolutions.com\/esp\/wp-json\/wp\/v2\/product_brand?post=12847"},{"taxonomy":"product_cat","embeddable":true,"href":"https:\/\/engagingsafetysolutions.com\/esp\/wp-json\/wp\/v2\/product_cat?post=12847"},{"taxonomy":"product_tag","embeddable":true,"href":"https:\/\/engagingsafetysolutions.com\/esp\/wp-json\/wp\/v2\/product_tag?post=12847"}],"curies":[{"name":"wp","href":"https:\/\/api.w.org\/{rel}","templated":true}]}}