{"id":11655,"date":"2020-05-08T00:52:57","date_gmt":"2020-05-08T00:52:57","guid":{"rendered":"https:\/\/engagingsafetysolutions.com\/esp\/product\/prevenir-la-discriminacion-en-el-lugar-de-trabajopara-gerentes-y-supervisores\/"},"modified":"2025-08-18T16:45:54","modified_gmt":"2025-08-18T16:45:54","slug":"prevenir-la-discriminacion-en-el-lugar-de-trabajopara-gerentes-y-supervisores","status":"publish","type":"product","link":"https:\/\/engagingsafetysolutions.com\/esp\/product\/prevenir-la-discriminacion-en-el-lugar-de-trabajopara-gerentes-y-supervisores\/","title":{"rendered":"Prevenir la Discriminaci\u00f3n en el Lugar de Trabajo para Gerentes y Supervisores"},"content":{"rendered":"<p>Prevenci\u00f3n de la discriminaci\u00f3n en el lugar de trabajo&#8230; El programa para gerentes y supervisores analiza los diferentes tipos de comportamiento discriminatorio, las leyes y pol\u00edticas que se han establecido para combatirlo y lo que los gerentes y supervisores pueden hacer para prevenirlo en su departamento. La variedad entre las personas, llamada &#8220;diversidad&#8221;, ha ido aumentando en la sociedad y la fuerza laboral durante d\u00e9cadas. Pero si los empleados tratan a compa\u00f1eros de trabajo que son diferentes a ellos de manera injusta y perjudicial, esta &#8220;discriminaci\u00f3n&#8221; es mala para las personas y para los negocios. Y dado que tambi\u00e9n es ilegal, tambi\u00e9n puede exponer a una empresa a acciones legales complejas y costosas. El programa incluye informaci\u00f3n sobre discriminaci\u00f3n, el lugar de trabajo y la ley, la discriminaci\u00f3n y la pol\u00edtica de la empresa, la prevenci\u00f3n de la discriminaci\u00f3n en su departamento, el manejo de un informe sobre discriminaci\u00f3n en el lugar de trabajo, el proceso de investigaci\u00f3n y m\u00e1s.<\/p>\n","protected":false},"excerpt":{"rendered":"<p>El programa sobre la prevenci\u00f3n de la discriminaci\u00f3n en el lugar de trabajo&#8230; Para Gerentes y Supervisores analiza los diferentes tipos de comportamiento discriminatorio, las leyes y pol\u00edticas que se han establecido para combatirlo y lo que los gerentes y supervisores pueden hacer para prevenirlo en su departamento. El programa es una de las formas m\u00e1s efectivas y eficientes de obtener la capacitaci\u00f3n que necesitan los empleados, en un aula o individualmente a trav\u00e9s de su computadora de escritorio o tableta.<\/p>\n","protected":false},"featured_media":12514,"template":"","meta":{"_uag_custom_page_level_css":""},"product_brand":[],"product_cat":[68,51,32,52],"product_tag":[],"class_list":{"0":"post-11655","1":"product","2":"type-product","3":"status-publish","4":"has-post-thumbnail","6":"product_cat-dvd-2","7":"product_cat-elearning","8":"product_cat-usb","9":"product_cat-videos-en-demanda","11":"first","12":"instock","13":"sold-individually","14":"taxable","15":"shipping-taxable","16":"purchasable","17":"product-type-variable","18":"has-default-attributes"},"aioseo_notices":[],"uagb_featured_image_src":{"full":["https:\/\/engagingsafetysolutions.com\/esp\/wp-content\/uploads\/smk_329_action_photo.jpg",1920,1080,false],"thumbnail":["https:\/\/engagingsafetysolutions.com\/esp\/wp-content\/uploads\/smk_329_action_photo-150x150.jpg",150,150,true],"medium":["https:\/\/engagingsafetysolutions.com\/esp\/wp-content\/uploads\/smk_329_action_photo-300x169.jpg",300,169,true],"medium_large":["https:\/\/engagingsafetysolutions.com\/esp\/wp-content\/uploads\/smk_329_action_photo-768x432.jpg",768,432,true],"large":["https:\/\/engagingsafetysolutions.com\/esp\/wp-content\/uploads\/smk_329_action_photo-1024x576.jpg",1024,576,true],"1536x1536":["https:\/\/engagingsafetysolutions.com\/esp\/wp-content\/uploads\/smk_329_action_photo-1536x864.jpg",1536,864,true],"2048x2048":["https:\/\/engagingsafetysolutions.com\/esp\/wp-content\/uploads\/smk_329_action_photo.jpg",1920,1080,false],"woocommerce_thumbnail":["https:\/\/engagingsafetysolutions.com\/esp\/wp-content\/uploads\/smk_329_action_photo-300x225.jpg",300,225,true],"woocommerce_single":["https:\/\/engagingsafetysolutions.com\/esp\/wp-content\/uploads\/smk_329_action_photo-640x360.jpg",640,360,true],"woocommerce_gallery_thumbnail":["https:\/\/engagingsafetysolutions.com\/esp\/wp-content\/uploads\/smk_329_action_photo-100x100.jpg",100,100,true],"dgwt-wcas-product-suggestion":["https:\/\/engagingsafetysolutions.com\/esp\/wp-content\/uploads\/smk_329_action_photo-64x36.jpg",64,36,true]},"uagb_author_info":{"display_name":"evagomez","author_link":"https:\/\/engagingsafetysolutions.com\/esp\/author\/"},"uagb_comment_info":0,"uagb_excerpt":"El programa sobre la prevenci\u00f3n de la discriminaci\u00f3n en el lugar de trabajo... Para Gerentes y Supervisores analiza los diferentes tipos de comportamiento discriminatorio, las leyes y pol\u00edticas que se han establecido para combatirlo y lo que los gerentes y supervisores pueden hacer para prevenirlo en su departamento. El programa es una de las formas&hellip;","_links":{"self":[{"href":"https:\/\/engagingsafetysolutions.com\/esp\/wp-json\/wp\/v2\/product\/11655","targetHints":{"allow":["GET"]}}],"collection":[{"href":"https:\/\/engagingsafetysolutions.com\/esp\/wp-json\/wp\/v2\/product"}],"about":[{"href":"https:\/\/engagingsafetysolutions.com\/esp\/wp-json\/wp\/v2\/types\/product"}],"version-history":[{"count":3,"href":"https:\/\/engagingsafetysolutions.com\/esp\/wp-json\/wp\/v2\/product\/11655\/revisions"}],"predecessor-version":[{"id":14656,"href":"https:\/\/engagingsafetysolutions.com\/esp\/wp-json\/wp\/v2\/product\/11655\/revisions\/14656"}],"wp:featuredmedia":[{"embeddable":true,"href":"https:\/\/engagingsafetysolutions.com\/esp\/wp-json\/wp\/v2\/media\/12514"}],"wp:attachment":[{"href":"https:\/\/engagingsafetysolutions.com\/esp\/wp-json\/wp\/v2\/media?parent=11655"}],"wp:term":[{"taxonomy":"product_brand","embeddable":true,"href":"https:\/\/engagingsafetysolutions.com\/esp\/wp-json\/wp\/v2\/product_brand?post=11655"},{"taxonomy":"product_cat","embeddable":true,"href":"https:\/\/engagingsafetysolutions.com\/esp\/wp-json\/wp\/v2\/product_cat?post=11655"},{"taxonomy":"product_tag","embeddable":true,"href":"https:\/\/engagingsafetysolutions.com\/esp\/wp-json\/wp\/v2\/product_tag?post=11655"}],"curies":[{"name":"wp","href":"https:\/\/api.w.org\/{rel}","templated":true}]}}