{"id":11642,"date":"2020-05-08T00:52:49","date_gmt":"2020-05-08T00:52:49","guid":{"rendered":"https:\/\/engagingsafetysolutions.com\/esp\/product\/peligros-de-electrocucion-en-ambientes-de-construccion-parte-ii-requisitos-para-el-empleador\/"},"modified":"2025-08-18T16:43:33","modified_gmt":"2025-08-18T16:43:33","slug":"peligros-de-electrocucion-en-ambientes-de-construccion-parte-ii-requisitos-para-el-empleador","status":"publish","type":"product","link":"https:\/\/engagingsafetysolutions.com\/esp\/product\/peligros-de-electrocucion-en-ambientes-de-construccion-parte-ii-requisitos-para-el-empleador\/","title":{"rendered":"Peligros de Electrocuci\u00f3n Parte II Responsabilidades de los Empleadores"},"content":{"rendered":"<p>La segunda de una serie de dos partes sobre los riesgos de electrocuci\u00f3n, el programa Riesgos de electrocuci\u00f3n Parte II: Responsabilidades del empleador analiza los peligros el\u00e9ctricos que se pueden encontrar en los sitios de construcci\u00f3n, las regulaciones de OSHA que los abordan y las responsabilidades que tienen los empleadores para proteger a los trabajadores de accidentes y lesiones relacionadas con la electricidad. Si bien la energ\u00eda el\u00e9ctrica hace mucho trabajo \u00fatil en un lugar de trabajo, tambi\u00e9n puede crear peligros graves. La electricidad mata a m\u00e1s de cien trabajadores de la construcci\u00f3n cada a\u00f1o y lesiona a miles m\u00e1s. Tambi\u00e9n sufren m\u00e1s de la mitad de las lesiones el\u00e9ctricas que ocurren en el trabajo. Pero estos incidentes podr\u00edan haberse evitado. El programa incluye informaci\u00f3n sobre electricidad, OSHA y seguridad de los empleados, trabajo cerca de l\u00edneas el\u00e9ctricas, pr\u00e1cticas seguras para el uso de herramientas y cables el\u00e9ctricos, reducci\u00f3n de riesgos de fallas a tierra, aislamiento de energ\u00eda y protecci\u00f3n de equipos, bloqueo \/ etiquetado, y m\u00e1s.<\/p>\n","protected":false},"excerpt":{"rendered":"<p>La segunda de una serie de dos partes sobre los riesgos de electrocuci\u00f3n, el programa Riesgos de electrocuci\u00f3n Parte II: Responsabilidades del empleador analiza los peligros el\u00e9ctricos que se pueden encontrar en los sitios de construcci\u00f3n, las regulaciones de OSHA que los abordan y las responsabilidades que tienen los empleadores para proteger a los trabajadores de accidentes y lesiones relacionadas con la electricidad. <\/p>\n","protected":false},"featured_media":14150,"template":"","meta":{"_uag_custom_page_level_css":""},"product_brand":[],"product_cat":[68,51,32,52],"product_tag":[],"class_list":{"0":"post-11642","1":"product","2":"type-product","3":"status-publish","4":"has-post-thumbnail","6":"product_cat-dvd-2","7":"product_cat-elearning","8":"product_cat-usb","9":"product_cat-videos-en-demanda","11":"first","12":"instock","13":"sold-individually","14":"taxable","15":"shipping-taxable","16":"purchasable","17":"product-type-variable","18":"has-default-attributes"},"aioseo_notices":[],"uagb_featured_image_src":{"full":["https:\/\/engagingsafetysolutions.com\/esp\/wp-content\/uploads\/vlcsnap-2020-03-24-14h01m09s433.jpg",1920,1080,false],"thumbnail":["https:\/\/engagingsafetysolutions.com\/esp\/wp-content\/uploads\/vlcsnap-2020-03-24-14h01m09s433-150x150.jpg",150,150,true],"medium":["https:\/\/engagingsafetysolutions.com\/esp\/wp-content\/uploads\/vlcsnap-2020-03-24-14h01m09s433-300x169.jpg",300,169,true],"medium_large":["https:\/\/engagingsafetysolutions.com\/esp\/wp-content\/uploads\/vlcsnap-2020-03-24-14h01m09s433-768x432.jpg",768,432,true],"large":["https:\/\/engagingsafetysolutions.com\/esp\/wp-content\/uploads\/vlcsnap-2020-03-24-14h01m09s433-1024x576.jpg",1024,576,true],"1536x1536":["https:\/\/engagingsafetysolutions.com\/esp\/wp-content\/uploads\/vlcsnap-2020-03-24-14h01m09s433-1536x864.jpg",1536,864,true],"2048x2048":["https:\/\/engagingsafetysolutions.com\/esp\/wp-content\/uploads\/vlcsnap-2020-03-24-14h01m09s433.jpg",1920,1080,false],"woocommerce_thumbnail":["https:\/\/engagingsafetysolutions.com\/esp\/wp-content\/uploads\/vlcsnap-2020-03-24-14h01m09s433-300x225.jpg",300,225,true],"woocommerce_single":["https:\/\/engagingsafetysolutions.com\/esp\/wp-content\/uploads\/vlcsnap-2020-03-24-14h01m09s433-640x360.jpg",640,360,true],"woocommerce_gallery_thumbnail":["https:\/\/engagingsafetysolutions.com\/esp\/wp-content\/uploads\/vlcsnap-2020-03-24-14h01m09s433-100x100.jpg",100,100,true],"dgwt-wcas-product-suggestion":["https:\/\/engagingsafetysolutions.com\/esp\/wp-content\/uploads\/vlcsnap-2020-03-24-14h01m09s433-64x36.jpg",64,36,true]},"uagb_author_info":{"display_name":"evagomez","author_link":"https:\/\/engagingsafetysolutions.com\/esp\/author\/"},"uagb_comment_info":0,"uagb_excerpt":"La segunda de una serie de dos partes sobre los riesgos de electrocuci\u00f3n, el programa Riesgos de electrocuci\u00f3n Parte II: Responsabilidades del empleador analiza los peligros el\u00e9ctricos que se pueden encontrar en los sitios de construcci\u00f3n, las regulaciones de OSHA que los abordan y las responsabilidades que tienen los empleadores para proteger a los trabajadores&hellip;","_links":{"self":[{"href":"https:\/\/engagingsafetysolutions.com\/esp\/wp-json\/wp\/v2\/product\/11642","targetHints":{"allow":["GET"]}}],"collection":[{"href":"https:\/\/engagingsafetysolutions.com\/esp\/wp-json\/wp\/v2\/product"}],"about":[{"href":"https:\/\/engagingsafetysolutions.com\/esp\/wp-json\/wp\/v2\/types\/product"}],"version-history":[{"count":5,"href":"https:\/\/engagingsafetysolutions.com\/esp\/wp-json\/wp\/v2\/product\/11642\/revisions"}],"predecessor-version":[{"id":14644,"href":"https:\/\/engagingsafetysolutions.com\/esp\/wp-json\/wp\/v2\/product\/11642\/revisions\/14644"}],"wp:featuredmedia":[{"embeddable":true,"href":"https:\/\/engagingsafetysolutions.com\/esp\/wp-json\/wp\/v2\/media\/14150"}],"wp:attachment":[{"href":"https:\/\/engagingsafetysolutions.com\/esp\/wp-json\/wp\/v2\/media?parent=11642"}],"wp:term":[{"taxonomy":"product_brand","embeddable":true,"href":"https:\/\/engagingsafetysolutions.com\/esp\/wp-json\/wp\/v2\/product_brand?post=11642"},{"taxonomy":"product_cat","embeddable":true,"href":"https:\/\/engagingsafetysolutions.com\/esp\/wp-json\/wp\/v2\/product_cat?post=11642"},{"taxonomy":"product_tag","embeddable":true,"href":"https:\/\/engagingsafetysolutions.com\/esp\/wp-json\/wp\/v2\/product_tag?post=11642"}],"curies":[{"name":"wp","href":"https:\/\/api.w.org\/{rel}","templated":true}]}}