{"id":11631,"date":"2020-05-08T00:52:32","date_gmt":"2020-05-08T00:52:32","guid":{"rendered":"https:\/\/engagingsafetysolutions.com\/esp\/product\/manejar-una-investigacion-de-acoso-sexual\/"},"modified":"2025-08-18T16:44:21","modified_gmt":"2025-08-18T16:44:21","slug":"manejar-una-investigacion-de-acoso-sexual","status":"publish","type":"product","link":"https:\/\/engagingsafetysolutions.com\/esp\/product\/manejar-una-investigacion-de-acoso-sexual\/","title":{"rendered":"Manejar una Investigaci\u00f3n de Acoso Sexual"},"content":{"rendered":"<p>El programa Manejo de una investigaci\u00f3n de acoso sexual proporciona a los gerentes y supervisores la informaci\u00f3n que necesitan para identificar el acoso sexual en sus departamentos, recopilar datos sobre un incidente de acoso y resolver la situaci\u00f3n de manera justa. El acoso sexual puede ser devastador tanto para sus v\u00edctimas como para las empresas para las que trabajan. Tambi\u00e9n es ilegal. Cuando ocurre, el acoso sexual debe abordarse de manera r\u00e1pida, justa y compasiva, para que una empresa pueda ayudar a los empleados involucrados, minimizar la interrupci\u00f3n en el lugar de trabajo, evitar demandas o multas y preservar la reputaci\u00f3n de la organizaci\u00f3n. El programa incluye informaci\u00f3n sobre qu\u00e9 es el acoso sexual, la pol\u00edtica de la empresa y la prevenci\u00f3n del acoso, la realizaci\u00f3n de una investigaci\u00f3n \u00e9tica, el inicio de una investigaci\u00f3n, la recopilaci\u00f3n de hechos, la resoluci\u00f3n de la situaci\u00f3n y m\u00e1s.<\/p>\n","protected":false},"excerpt":{"rendered":"<p>El programa Manejo de una investigaci\u00f3n de acoso sexual proporciona a los gerentes y supervisores la informaci\u00f3n que necesitan para identificar el acoso sexual en sus departamentos, recopilar datos sobre un incidente de acoso y resolver la situaci\u00f3n de manera justa. El programa viene con una gu\u00eda completa para l\u00edderes, un formulario de programaci\u00f3n y asistencia reproducible, un cuestionario para empleados, un certificado de capacitaci\u00f3n y un registro de capacitaci\u00f3n<\/p>\n","protected":false},"featured_media":12498,"template":"","meta":{"_uag_custom_page_level_css":""},"product_brand":[],"product_cat":[68,51,32,52],"product_tag":[],"class_list":{"0":"post-11631","1":"product","2":"type-product","3":"status-publish","4":"has-post-thumbnail","6":"product_cat-dvd-2","7":"product_cat-elearning","8":"product_cat-usb","9":"product_cat-videos-en-demanda","11":"first","12":"instock","13":"sold-individually","14":"taxable","15":"shipping-taxable","16":"purchasable","17":"product-type-variable","18":"has-default-attributes"},"aioseo_notices":[],"uagb_featured_image_src":{"full":["https:\/\/engagingsafetysolutions.com\/esp\/wp-content\/uploads\/smk_297_action_photo.jpg",1920,1080,false],"thumbnail":["https:\/\/engagingsafetysolutions.com\/esp\/wp-content\/uploads\/smk_297_action_photo-150x150.jpg",150,150,true],"medium":["https:\/\/engagingsafetysolutions.com\/esp\/wp-content\/uploads\/smk_297_action_photo-300x169.jpg",300,169,true],"medium_large":["https:\/\/engagingsafetysolutions.com\/esp\/wp-content\/uploads\/smk_297_action_photo-768x432.jpg",768,432,true],"large":["https:\/\/engagingsafetysolutions.com\/esp\/wp-content\/uploads\/smk_297_action_photo-1024x576.jpg",1024,576,true],"1536x1536":["https:\/\/engagingsafetysolutions.com\/esp\/wp-content\/uploads\/smk_297_action_photo-1536x864.jpg",1536,864,true],"2048x2048":["https:\/\/engagingsafetysolutions.com\/esp\/wp-content\/uploads\/smk_297_action_photo.jpg",1920,1080,false],"woocommerce_thumbnail":["https:\/\/engagingsafetysolutions.com\/esp\/wp-content\/uploads\/smk_297_action_photo-300x225.jpg",300,225,true],"woocommerce_single":["https:\/\/engagingsafetysolutions.com\/esp\/wp-content\/uploads\/smk_297_action_photo-640x360.jpg",640,360,true],"woocommerce_gallery_thumbnail":["https:\/\/engagingsafetysolutions.com\/esp\/wp-content\/uploads\/smk_297_action_photo-100x100.jpg",100,100,true],"dgwt-wcas-product-suggestion":["https:\/\/engagingsafetysolutions.com\/esp\/wp-content\/uploads\/smk_297_action_photo-64x36.jpg",64,36,true]},"uagb_author_info":{"display_name":"evagomez","author_link":"https:\/\/engagingsafetysolutions.com\/esp\/author\/"},"uagb_comment_info":0,"uagb_excerpt":"El programa Manejo de una investigaci\u00f3n de acoso sexual proporciona a los gerentes y supervisores la informaci\u00f3n que necesitan para identificar el acoso sexual en sus departamentos, recopilar datos sobre un incidente de acoso y resolver la situaci\u00f3n de manera justa. El programa viene con una gu\u00eda completa para l\u00edderes, un formulario de programaci\u00f3n y&hellip;","_links":{"self":[{"href":"https:\/\/engagingsafetysolutions.com\/esp\/wp-json\/wp\/v2\/product\/11631","targetHints":{"allow":["GET"]}}],"collection":[{"href":"https:\/\/engagingsafetysolutions.com\/esp\/wp-json\/wp\/v2\/product"}],"about":[{"href":"https:\/\/engagingsafetysolutions.com\/esp\/wp-json\/wp\/v2\/types\/product"}],"version-history":[{"count":5,"href":"https:\/\/engagingsafetysolutions.com\/esp\/wp-json\/wp\/v2\/product\/11631\/revisions"}],"predecessor-version":[{"id":14633,"href":"https:\/\/engagingsafetysolutions.com\/esp\/wp-json\/wp\/v2\/product\/11631\/revisions\/14633"}],"wp:featuredmedia":[{"embeddable":true,"href":"https:\/\/engagingsafetysolutions.com\/esp\/wp-json\/wp\/v2\/media\/12498"}],"wp:attachment":[{"href":"https:\/\/engagingsafetysolutions.com\/esp\/wp-json\/wp\/v2\/media?parent=11631"}],"wp:term":[{"taxonomy":"product_brand","embeddable":true,"href":"https:\/\/engagingsafetysolutions.com\/esp\/wp-json\/wp\/v2\/product_brand?post=11631"},{"taxonomy":"product_cat","embeddable":true,"href":"https:\/\/engagingsafetysolutions.com\/esp\/wp-json\/wp\/v2\/product_cat?post=11631"},{"taxonomy":"product_tag","embeddable":true,"href":"https:\/\/engagingsafetysolutions.com\/esp\/wp-json\/wp\/v2\/product_tag?post=11631"}],"curies":[{"name":"wp","href":"https:\/\/api.w.org\/{rel}","templated":true}]}}