{"id":11626,"date":"2020-05-08T00:52:26","date_gmt":"2020-05-08T00:52:26","guid":{"rendered":"https:\/\/engagingsafetysolutions.com\/esp\/product\/introduccion-al-sga-sistema-globalmente-armonizado-en-ambientes-de-construccion\/"},"modified":"2025-08-18T16:45:30","modified_gmt":"2025-08-18T16:45:30","slug":"introduccion-al-sga-sistema-globalmente-armonizado-en-ambientes-de-construccion","status":"publish","type":"product","link":"https:\/\/engagingsafetysolutions.com\/esp\/product\/introduccion-al-sga-sistema-globalmente-armonizado-en-ambientes-de-construccion\/","title":{"rendered":"Introducci\u00f3n al SGA (Sistema Globalmente Armonizado) para Ambientes de la Construcci\u00f3n"},"content":{"rendered":"<p>El programa Seguridad en el trabajo en caliente y el proceso de permisos analiza los peligros que se pueden encontrar en el trabajo en caliente y se enfoca en c\u00f3mo los empleados pueden usar el proceso de permisos y otras pr\u00e1cticas seguras para realizar estas tareas de manera m\u00e1s segura. El trabajo en caliente incluye cualquier tarea que implique llamas o altas temperaturas, o que pueda actuar como fuente de ignici\u00f3n. Uno de cada cinco incendios industriales es causado por trabajos en caliente y tambi\u00e9n puede crear problemas importantes en los sitios de construcci\u00f3n. Los accidentes de trabajo en caliente resultan en m\u00e1s de $300 millones en da\u00f1os a la propiedad y m\u00e1s de 30 muertes por a\u00f1o, pero estos incidentes se pueden prevenir. El programa incluye informaci\u00f3n sobre el trabajo en caliente y su peligro, el prop\u00f3sito de un permiso de trabajo en caliente, los primeros pasos en el proceso de permisos, la preparaci\u00f3n del \u00e1rea de trabajo, la realizaci\u00f3n de trabajos en caliente de manera segura, el trabajo en caliente en espacios confinados y m\u00e1s.<\/p>\n","protected":false},"excerpt":{"rendered":"<p>Introducci\u00f3n al SGA (Sistema Globalmente Armonizado) para Trabajadores de la Construcci\u00f3n El Programa de Seguridad en la Construcci\u00f3n est\u00e1 dise\u00f1ado para revisar de qu\u00e9 se trata el Sistema Globalmente Armonizado, por qu\u00e9 OSHA adopt\u00f3 el SGA y las fechas de introducci\u00f3n gradual para implementar el SGA. <\/p>\n","protected":false},"featured_media":13749,"template":"","meta":{"_uag_custom_page_level_css":""},"product_brand":[],"product_cat":[68,51,32,52],"product_tag":[],"class_list":{"0":"post-11626","1":"product","2":"type-product","3":"status-publish","4":"has-post-thumbnail","6":"product_cat-dvd-2","7":"product_cat-elearning","8":"product_cat-usb","9":"product_cat-videos-en-demanda","11":"first","12":"instock","13":"sold-individually","14":"taxable","15":"shipping-taxable","16":"purchasable","17":"product-type-variable","18":"has-default-attributes"},"aioseo_notices":[],"uagb_featured_image_src":{"full":["https:\/\/engagingsafetysolutions.com\/esp\/wp-content\/uploads\/Intro-to-GHS-CON.Still002.jpg",360,240,false],"thumbnail":["https:\/\/engagingsafetysolutions.com\/esp\/wp-content\/uploads\/Intro-to-GHS-CON.Still002-150x150.jpg",150,150,true],"medium":["https:\/\/engagingsafetysolutions.com\/esp\/wp-content\/uploads\/Intro-to-GHS-CON.Still002-300x200.jpg",300,200,true],"medium_large":["https:\/\/engagingsafetysolutions.com\/esp\/wp-content\/uploads\/Intro-to-GHS-CON.Still002.jpg",360,240,false],"large":["https:\/\/engagingsafetysolutions.com\/esp\/wp-content\/uploads\/Intro-to-GHS-CON.Still002.jpg",360,240,false],"1536x1536":["https:\/\/engagingsafetysolutions.com\/esp\/wp-content\/uploads\/Intro-to-GHS-CON.Still002.jpg",360,240,false],"2048x2048":["https:\/\/engagingsafetysolutions.com\/esp\/wp-content\/uploads\/Intro-to-GHS-CON.Still002.jpg",360,240,false],"woocommerce_thumbnail":["https:\/\/engagingsafetysolutions.com\/esp\/wp-content\/uploads\/Intro-to-GHS-CON.Still002-300x225.jpg",300,225,true],"woocommerce_single":["https:\/\/engagingsafetysolutions.com\/esp\/wp-content\/uploads\/Intro-to-GHS-CON.Still002.jpg",360,240,false],"woocommerce_gallery_thumbnail":["https:\/\/engagingsafetysolutions.com\/esp\/wp-content\/uploads\/Intro-to-GHS-CON.Still002-100x100.jpg",100,100,true],"dgwt-wcas-product-suggestion":["https:\/\/engagingsafetysolutions.com\/esp\/wp-content\/uploads\/Intro-to-GHS-CON.Still002-64x43.jpg",64,43,true]},"uagb_author_info":{"display_name":"evagomez","author_link":"https:\/\/engagingsafetysolutions.com\/esp\/author\/"},"uagb_comment_info":0,"uagb_excerpt":"Introducci\u00f3n al SGA (Sistema Globalmente Armonizado) para Trabajadores de la Construcci\u00f3n El Programa de Seguridad en la Construcci\u00f3n est\u00e1 dise\u00f1ado para revisar de qu\u00e9 se trata el Sistema Globalmente Armonizado, por qu\u00e9 OSHA adopt\u00f3 el SGA y las fechas de introducci\u00f3n gradual para implementar el SGA.","_links":{"self":[{"href":"https:\/\/engagingsafetysolutions.com\/esp\/wp-json\/wp\/v2\/product\/11626","targetHints":{"allow":["GET"]}}],"collection":[{"href":"https:\/\/engagingsafetysolutions.com\/esp\/wp-json\/wp\/v2\/product"}],"about":[{"href":"https:\/\/engagingsafetysolutions.com\/esp\/wp-json\/wp\/v2\/types\/product"}],"version-history":[{"count":4,"href":"https:\/\/engagingsafetysolutions.com\/esp\/wp-json\/wp\/v2\/product\/11626\/revisions"}],"predecessor-version":[{"id":14628,"href":"https:\/\/engagingsafetysolutions.com\/esp\/wp-json\/wp\/v2\/product\/11626\/revisions\/14628"}],"wp:featuredmedia":[{"embeddable":true,"href":"https:\/\/engagingsafetysolutions.com\/esp\/wp-json\/wp\/v2\/media\/13749"}],"wp:attachment":[{"href":"https:\/\/engagingsafetysolutions.com\/esp\/wp-json\/wp\/v2\/media?parent=11626"}],"wp:term":[{"taxonomy":"product_brand","embeddable":true,"href":"https:\/\/engagingsafetysolutions.com\/esp\/wp-json\/wp\/v2\/product_brand?post=11626"},{"taxonomy":"product_cat","embeddable":true,"href":"https:\/\/engagingsafetysolutions.com\/esp\/wp-json\/wp\/v2\/product_cat?post=11626"},{"taxonomy":"product_tag","embeddable":true,"href":"https:\/\/engagingsafetysolutions.com\/esp\/wp-json\/wp\/v2\/product_tag?post=11626"}],"curies":[{"name":"wp","href":"https:\/\/api.w.org\/{rel}","templated":true}]}}