{"id":11620,"date":"2020-05-08T00:52:19","date_gmt":"2020-05-08T00:52:19","guid":{"rendered":"https:\/\/engagingsafetysolutions.com\/esp\/product\/i2p2-programas-de-prevencion-de-lesiones-y-enfermedades\/"},"modified":"2025-08-18T16:45:54","modified_gmt":"2025-08-18T16:45:54","slug":"i2p2-programas-de-prevencion-de-lesiones-y-enfermedades","status":"publish","type":"product","link":"https:\/\/engagingsafetysolutions.com\/esp\/product\/i2p2-programas-de-prevencion-de-lesiones-y-enfermedades\/","title":{"rendered":"I2P2: Programas de prevenci\u00f3n de lesiones y enfermedades"},"content":{"rendered":"<p>El programa I2P2: Programas de prevenci\u00f3n de lesiones y enfermedades proporciona a los empleados informaci\u00f3n importante sobre c\u00f3mo este enfoque organizado de la seguridad en el lugar de trabajo puede reducir significativamente los accidentes y las lesiones, y c\u00f3mo los propios trabajadores pueden desempe\u00f1ar un papel importante para que el programa funcione. Cada d\u00eda mueren 12 trabajadores en el trabajo y m\u00e1s de 10,000 trabajadores sufren lesiones graves relacionadas con el trabajo. Pero la verdadera tragedia es que la mayor\u00eda de estos incidentes podr\u00edan prevenirse. Los empleadores y los empleados pueden trabajar juntos para encontrar y solucionar los peligros en su lugar de trabajo, antes de que las personas se enfermen, lesionen o incluso mueran. El proceso comienza cuando una empresa decide fortalecer su cultura de seguridad mediante la adopci\u00f3n de un Programa de Prevenci\u00f3n de Lesiones y Enfermedades, conocido dentro de OSHA como I2P2. El programa incluye informaci\u00f3n sobre qu\u00e9 es I2P2, las responsabilidades de la gerencia y la participaci\u00f3n de los empleados, la identificaci\u00f3n y evaluaci\u00f3n de peligros, la prevenci\u00f3n y el control de peligros, la educaci\u00f3n y la capacitaci\u00f3n, la evaluaci\u00f3n y mejora del programa y m\u00e1s.<\/p>\n","protected":false},"excerpt":{"rendered":"<p>El programa I2P2: Programas de prevenci\u00f3n de lesiones y enfermedades proporciona a los empleados informaci\u00f3n importante sobre c\u00f3mo este enfoque organizado de la seguridad en el lugar de trabajo puede reducir significativamente los accidentes y las lesiones, y c\u00f3mo los propios trabajadores pueden desempe\u00f1ar un papel importante para que el programa funcione. <\/p>\n","protected":false},"featured_media":12478,"template":"","meta":{"_uag_custom_page_level_css":""},"product_brand":[],"product_cat":[68,51,32,52],"product_tag":[],"class_list":{"0":"post-11620","1":"product","2":"type-product","3":"status-publish","4":"has-post-thumbnail","6":"product_cat-dvd-2","7":"product_cat-elearning","8":"product_cat-usb","9":"product_cat-videos-en-demanda","11":"first","12":"instock","13":"sold-individually","14":"taxable","15":"shipping-taxable","16":"purchasable","17":"product-type-variable","18":"has-default-attributes"},"aioseo_notices":[],"uagb_featured_image_src":{"full":["https:\/\/engagingsafetysolutions.com\/esp\/wp-content\/uploads\/smk_252_action_photo.jpg",1920,1080,false],"thumbnail":["https:\/\/engagingsafetysolutions.com\/esp\/wp-content\/uploads\/smk_252_action_photo-150x150.jpg",150,150,true],"medium":["https:\/\/engagingsafetysolutions.com\/esp\/wp-content\/uploads\/smk_252_action_photo-300x169.jpg",300,169,true],"medium_large":["https:\/\/engagingsafetysolutions.com\/esp\/wp-content\/uploads\/smk_252_action_photo-768x432.jpg",768,432,true],"large":["https:\/\/engagingsafetysolutions.com\/esp\/wp-content\/uploads\/smk_252_action_photo-1024x576.jpg",1024,576,true],"1536x1536":["https:\/\/engagingsafetysolutions.com\/esp\/wp-content\/uploads\/smk_252_action_photo-1536x864.jpg",1536,864,true],"2048x2048":["https:\/\/engagingsafetysolutions.com\/esp\/wp-content\/uploads\/smk_252_action_photo.jpg",1920,1080,false],"woocommerce_thumbnail":["https:\/\/engagingsafetysolutions.com\/esp\/wp-content\/uploads\/smk_252_action_photo-300x225.jpg",300,225,true],"woocommerce_single":["https:\/\/engagingsafetysolutions.com\/esp\/wp-content\/uploads\/smk_252_action_photo-640x360.jpg",640,360,true],"woocommerce_gallery_thumbnail":["https:\/\/engagingsafetysolutions.com\/esp\/wp-content\/uploads\/smk_252_action_photo-100x100.jpg",100,100,true],"dgwt-wcas-product-suggestion":["https:\/\/engagingsafetysolutions.com\/esp\/wp-content\/uploads\/smk_252_action_photo-64x36.jpg",64,36,true]},"uagb_author_info":{"display_name":"evagomez","author_link":"https:\/\/engagingsafetysolutions.com\/esp\/author\/"},"uagb_comment_info":0,"uagb_excerpt":"El programa I2P2: Programas de prevenci\u00f3n de lesiones y enfermedades proporciona a los empleados informaci\u00f3n importante sobre c\u00f3mo este enfoque organizado de la seguridad en el lugar de trabajo puede reducir significativamente los accidentes y las lesiones, y c\u00f3mo los propios trabajadores pueden desempe\u00f1ar un papel importante para que el programa funcione.","_links":{"self":[{"href":"https:\/\/engagingsafetysolutions.com\/esp\/wp-json\/wp\/v2\/product\/11620","targetHints":{"allow":["GET"]}}],"collection":[{"href":"https:\/\/engagingsafetysolutions.com\/esp\/wp-json\/wp\/v2\/product"}],"about":[{"href":"https:\/\/engagingsafetysolutions.com\/esp\/wp-json\/wp\/v2\/types\/product"}],"version-history":[{"count":4,"href":"https:\/\/engagingsafetysolutions.com\/esp\/wp-json\/wp\/v2\/product\/11620\/revisions"}],"predecessor-version":[{"id":14622,"href":"https:\/\/engagingsafetysolutions.com\/esp\/wp-json\/wp\/v2\/product\/11620\/revisions\/14622"}],"wp:featuredmedia":[{"embeddable":true,"href":"https:\/\/engagingsafetysolutions.com\/esp\/wp-json\/wp\/v2\/media\/12478"}],"wp:attachment":[{"href":"https:\/\/engagingsafetysolutions.com\/esp\/wp-json\/wp\/v2\/media?parent=11620"}],"wp:term":[{"taxonomy":"product_brand","embeddable":true,"href":"https:\/\/engagingsafetysolutions.com\/esp\/wp-json\/wp\/v2\/product_brand?post=11620"},{"taxonomy":"product_cat","embeddable":true,"href":"https:\/\/engagingsafetysolutions.com\/esp\/wp-json\/wp\/v2\/product_cat?post=11620"},{"taxonomy":"product_tag","embeddable":true,"href":"https:\/\/engagingsafetysolutions.com\/esp\/wp-json\/wp\/v2\/product_tag?post=11620"}],"curies":[{"name":"wp","href":"https:\/\/api.w.org\/{rel}","templated":true}]}}