{"id":11578,"date":"2020-05-08T00:51:31","date_gmt":"2020-05-08T00:51:31","guid":{"rendered":"https:\/\/engagingsafetysolutions.com\/esp\/product\/bloqueo-y-etiquetado\/"},"modified":"2025-08-18T16:45:47","modified_gmt":"2025-08-18T16:45:47","slug":"bloqueo-y-etiquetado","status":"publish","type":"product","link":"https:\/\/engagingsafetysolutions.com\/esp\/product\/bloqueo-y-etiquetado\/","title":{"rendered":"Bloqueo y Etiquetado"},"content":{"rendered":"<p>El programa Bloqueo y Etiquetado proporciona a los empleados la informaci\u00f3n que necesitan para evitar peligros &#8220;relacionados con la energ\u00eda&#8221;, al mismo tiempo que ayuda a los empleadores a cumplir con los requisitos de capacitaci\u00f3n de OSHA. Si el equipo motorizado se pone en marcha mientras se realiza el mantenimiento, la persona que est\u00e1 trabajando en el equipo puede sufrir lesiones graves&#8230; incluso ser asesinado. Las pol\u00edticas y procedimientos incluidos en la norma Bloqueo y Etiquetado de OSHA ayudan a evitar que ocurran incidentes como estos. El programa incluye informaci\u00f3n sobre la necesidad de un programa de control de energ\u00eda, dispositivos de bloqueo\/etiquetado y c\u00f3mo usarlos, c\u00f3mo liberar la energ\u00eda almacenada, situaciones especiales de bloqueo\/etiquetado, trabajo con sistemas el\u00e9ctricos, hidr\u00e1ulicos y neum\u00e1ticos, procedimientos de liberaci\u00f3n de bloqueo\/etiquetado y m\u00e1s..<\/p>\n","protected":false},"excerpt":{"rendered":"<p>El programa Bloqueo y Etiquetado proporciona a los empleados la informaci\u00f3n que necesitan para evitar peligros &#8220;relacionados con la energ\u00eda&#8221;, al mismo tiempo que ayuda a los empleadores a cumplir con los requisitos de capacitaci\u00f3n de OSHA. <\/p>\n","protected":false},"featured_media":12548,"template":"","meta":{"_uag_custom_page_level_css":""},"product_brand":[],"product_cat":[68,51,32,52],"product_tag":[],"class_list":{"0":"post-11578","1":"product","2":"type-product","3":"status-publish","4":"has-post-thumbnail","6":"product_cat-dvd-2","7":"product_cat-elearning","8":"product_cat-usb","9":"product_cat-videos-en-demanda","11":"first","12":"instock","13":"sold-individually","14":"taxable","15":"shipping-taxable","16":"purchasable","17":"product-type-variable","18":"has-default-attributes"},"aioseo_notices":[],"uagb_featured_image_src":{"full":["https:\/\/engagingsafetysolutions.com\/esp\/wp-content\/uploads\/rck_289_action_photo.jpg",1920,1080,false],"thumbnail":["https:\/\/engagingsafetysolutions.com\/esp\/wp-content\/uploads\/rck_289_action_photo-150x150.jpg",150,150,true],"medium":["https:\/\/engagingsafetysolutions.com\/esp\/wp-content\/uploads\/rck_289_action_photo-300x169.jpg",300,169,true],"medium_large":["https:\/\/engagingsafetysolutions.com\/esp\/wp-content\/uploads\/rck_289_action_photo-768x432.jpg",768,432,true],"large":["https:\/\/engagingsafetysolutions.com\/esp\/wp-content\/uploads\/rck_289_action_photo-1024x576.jpg",1024,576,true],"1536x1536":["https:\/\/engagingsafetysolutions.com\/esp\/wp-content\/uploads\/rck_289_action_photo-1536x864.jpg",1536,864,true],"2048x2048":["https:\/\/engagingsafetysolutions.com\/esp\/wp-content\/uploads\/rck_289_action_photo.jpg",1920,1080,false],"woocommerce_thumbnail":["https:\/\/engagingsafetysolutions.com\/esp\/wp-content\/uploads\/rck_289_action_photo-300x225.jpg",300,225,true],"woocommerce_single":["https:\/\/engagingsafetysolutions.com\/esp\/wp-content\/uploads\/rck_289_action_photo-640x360.jpg",640,360,true],"woocommerce_gallery_thumbnail":["https:\/\/engagingsafetysolutions.com\/esp\/wp-content\/uploads\/rck_289_action_photo-100x100.jpg",100,100,true],"dgwt-wcas-product-suggestion":["https:\/\/engagingsafetysolutions.com\/esp\/wp-content\/uploads\/rck_289_action_photo-64x36.jpg",64,36,true]},"uagb_author_info":{"display_name":"evagomez","author_link":"https:\/\/engagingsafetysolutions.com\/esp\/author\/"},"uagb_comment_info":0,"uagb_excerpt":"El programa Bloqueo y Etiquetado proporciona a los empleados la informaci\u00f3n que necesitan para evitar peligros \"relacionados con la energ\u00eda\", al mismo tiempo que ayuda a los empleadores a cumplir con los requisitos de capacitaci\u00f3n de OSHA.","_links":{"self":[{"href":"https:\/\/engagingsafetysolutions.com\/esp\/wp-json\/wp\/v2\/product\/11578","targetHints":{"allow":["GET"]}}],"collection":[{"href":"https:\/\/engagingsafetysolutions.com\/esp\/wp-json\/wp\/v2\/product"}],"about":[{"href":"https:\/\/engagingsafetysolutions.com\/esp\/wp-json\/wp\/v2\/types\/product"}],"version-history":[{"count":5,"href":"https:\/\/engagingsafetysolutions.com\/esp\/wp-json\/wp\/v2\/product\/11578\/revisions"}],"predecessor-version":[{"id":14582,"href":"https:\/\/engagingsafetysolutions.com\/esp\/wp-json\/wp\/v2\/product\/11578\/revisions\/14582"}],"wp:featuredmedia":[{"embeddable":true,"href":"https:\/\/engagingsafetysolutions.com\/esp\/wp-json\/wp\/v2\/media\/12548"}],"wp:attachment":[{"href":"https:\/\/engagingsafetysolutions.com\/esp\/wp-json\/wp\/v2\/media?parent=11578"}],"wp:term":[{"taxonomy":"product_brand","embeddable":true,"href":"https:\/\/engagingsafetysolutions.com\/esp\/wp-json\/wp\/v2\/product_brand?post=11578"},{"taxonomy":"product_cat","embeddable":true,"href":"https:\/\/engagingsafetysolutions.com\/esp\/wp-json\/wp\/v2\/product_cat?post=11578"},{"taxonomy":"product_tag","embeddable":true,"href":"https:\/\/engagingsafetysolutions.com\/esp\/wp-json\/wp\/v2\/product_tag?post=11578"}],"curies":[{"name":"wp","href":"https:\/\/api.w.org\/{rel}","templated":true}]}}