{"id":11576,"date":"2020-05-08T00:51:26","date_gmt":"2020-05-08T00:51:26","guid":{"rendered":"https:\/\/engagingsafetysolutions.com\/esp\/product\/actividad-fisica-y-bienestar\/"},"modified":"2025-08-18T16:45:42","modified_gmt":"2025-08-18T16:45:42","slug":"actividad-fisica-y-bienestar","status":"publish","type":"product","link":"https:\/\/engagingsafetysolutions.com\/esp\/product\/actividad-fisica-y-bienestar\/","title":{"rendered":"Actividad F\u00edsica y Bienestar"},"content":{"rendered":"<p>El programa de acondicionamiento f\u00edsico y bienestar brinda a los empleados la informaci\u00f3n y la inspiraci\u00f3n que necesitan para lograr los beneficios de un estilo de vida m\u00e1s saludable &#8230; y les muestra c\u00f3mo establecer y alcanzar metas realistas mientras eliminan los malos h\u00e1bitos que pueden detenerlos. Un estilo de vida m\u00e1s saludable puede dar a los empleados m\u00e1s energ\u00eda, aumentar su inmunidad a las enfermedades, reducir los niveles de estr\u00e9s y ayudarlos a perder peso. Y cuando est\u00e1n m\u00e1s sanos, se sienten mejor consigo mismos, por lo que trabajan mejor, son m\u00e1s productivos y son menos propensos a enfermedades y accidentes&#8230; lo que los beneficia tanto a ellos como a sus empleadores. El programa incluye informaci\u00f3n sobre c\u00f3mo comer bien, hacer suficiente ejercicio, el estr\u00e9s y la presi\u00f3n arterial alta, los efectos del tabaquismo, los efectos del alcohol y las drogas y m\u00e1s.<\/p>\n","protected":false},"excerpt":{"rendered":"<p>El programa de acondicionamiento f\u00edsico y bienestar brinda a los empleados la informaci\u00f3n y la inspiraci\u00f3n que necesitan para lograr los beneficios de un estilo de vida m\u00e1s saludable &#8230; y les muestra c\u00f3mo establecer y alcanzar metas realistas mientras eliminan los malos h\u00e1bitos que pueden detenerlos.<\/p>\n","protected":false},"featured_media":12472,"template":"","meta":{"_uag_custom_page_level_css":""},"product_brand":[70],"product_cat":[68,51,32,52],"product_tag":[],"class_list":{"0":"post-11576","1":"product","2":"type-product","3":"status-publish","4":"has-post-thumbnail","6":"product_brand-marcom","7":"product_cat-dvd-2","8":"product_cat-elearning","9":"product_cat-usb","10":"product_cat-videos-en-demanda","12":"first","13":"instock","14":"sold-individually","15":"taxable","16":"shipping-taxable","17":"purchasable","18":"product-type-variable","19":"has-default-attributes"},"aioseo_notices":[],"uagb_featured_image_src":{"full":["https:\/\/engagingsafetysolutions.com\/esp\/wp-content\/uploads\/smk_237_action_photo.jpg",1920,1080,false],"thumbnail":["https:\/\/engagingsafetysolutions.com\/esp\/wp-content\/uploads\/smk_237_action_photo-150x150.jpg",150,150,true],"medium":["https:\/\/engagingsafetysolutions.com\/esp\/wp-content\/uploads\/smk_237_action_photo-300x169.jpg",300,169,true],"medium_large":["https:\/\/engagingsafetysolutions.com\/esp\/wp-content\/uploads\/smk_237_action_photo-768x432.jpg",768,432,true],"large":["https:\/\/engagingsafetysolutions.com\/esp\/wp-content\/uploads\/smk_237_action_photo-1024x576.jpg",1024,576,true],"1536x1536":["https:\/\/engagingsafetysolutions.com\/esp\/wp-content\/uploads\/smk_237_action_photo-1536x864.jpg",1536,864,true],"2048x2048":["https:\/\/engagingsafetysolutions.com\/esp\/wp-content\/uploads\/smk_237_action_photo.jpg",1920,1080,false],"woocommerce_thumbnail":["https:\/\/engagingsafetysolutions.com\/esp\/wp-content\/uploads\/smk_237_action_photo-300x225.jpg",300,225,true],"woocommerce_single":["https:\/\/engagingsafetysolutions.com\/esp\/wp-content\/uploads\/smk_237_action_photo-640x360.jpg",640,360,true],"woocommerce_gallery_thumbnail":["https:\/\/engagingsafetysolutions.com\/esp\/wp-content\/uploads\/smk_237_action_photo-100x100.jpg",100,100,true],"dgwt-wcas-product-suggestion":["https:\/\/engagingsafetysolutions.com\/esp\/wp-content\/uploads\/smk_237_action_photo-64x36.jpg",64,36,true]},"uagb_author_info":{"display_name":"evagomez","author_link":"https:\/\/engagingsafetysolutions.com\/esp\/author\/"},"uagb_comment_info":0,"uagb_excerpt":"El programa de acondicionamiento f\u00edsico y bienestar brinda a los empleados la informaci\u00f3n y la inspiraci\u00f3n que necesitan para lograr los beneficios de un estilo de vida m\u00e1s saludable ... y les muestra c\u00f3mo establecer y alcanzar metas realistas mientras eliminan los malos h\u00e1bitos que pueden detenerlos.","_links":{"self":[{"href":"https:\/\/engagingsafetysolutions.com\/esp\/wp-json\/wp\/v2\/product\/11576","targetHints":{"allow":["GET"]}}],"collection":[{"href":"https:\/\/engagingsafetysolutions.com\/esp\/wp-json\/wp\/v2\/product"}],"about":[{"href":"https:\/\/engagingsafetysolutions.com\/esp\/wp-json\/wp\/v2\/types\/product"}],"version-history":[{"count":4,"href":"https:\/\/engagingsafetysolutions.com\/esp\/wp-json\/wp\/v2\/product\/11576\/revisions"}],"predecessor-version":[{"id":14580,"href":"https:\/\/engagingsafetysolutions.com\/esp\/wp-json\/wp\/v2\/product\/11576\/revisions\/14580"}],"wp:featuredmedia":[{"embeddable":true,"href":"https:\/\/engagingsafetysolutions.com\/esp\/wp-json\/wp\/v2\/media\/12472"}],"wp:attachment":[{"href":"https:\/\/engagingsafetysolutions.com\/esp\/wp-json\/wp\/v2\/media?parent=11576"}],"wp:term":[{"taxonomy":"product_brand","embeddable":true,"href":"https:\/\/engagingsafetysolutions.com\/esp\/wp-json\/wp\/v2\/product_brand?post=11576"},{"taxonomy":"product_cat","embeddable":true,"href":"https:\/\/engagingsafetysolutions.com\/esp\/wp-json\/wp\/v2\/product_cat?post=11576"},{"taxonomy":"product_tag","embeddable":true,"href":"https:\/\/engagingsafetysolutions.com\/esp\/wp-json\/wp\/v2\/product_tag?post=11576"}],"curies":[{"name":"wp","href":"https:\/\/api.w.org\/{rel}","templated":true}]}}